Last updated on 2024-03-27 19:56:49 CET.
Flavor | Version | Tinstall | Tcheck | Ttotal | Status | Flags |
---|---|---|---|---|---|---|
r-devel-linux-x86_64-debian-clang | 0.2.1 | 5.53 | 91.43 | 96.96 | NOTE | |
r-devel-linux-x86_64-debian-gcc | 0.2.1 | 4.88 | 71.35 | 76.23 | NOTE | |
r-devel-linux-x86_64-fedora-clang | 0.2.1 | 122.17 | NOTE | |||
r-devel-linux-x86_64-fedora-gcc | 0.2.1 | 122.22 | NOTE | |||
r-devel-windows-x86_64 | 0.2.1 | 6.00 | 74.00 | 80.00 | NOTE | |
r-patched-linux-x86_64 | 0.2.1 | 6.09 | 88.69 | 94.78 | NOTE | |
r-release-linux-x86_64 | 0.2.1 | 5.65 | 87.87 | 93.52 | NOTE | |
r-release-macos-arm64 | 0.2.1 | 35.00 | NOTE | |||
r-release-macos-x86_64 | 0.2.1 | 51.00 | NOTE | |||
r-release-windows-x86_64 | 0.2.1 | 8.00 | 81.00 | 89.00 | NOTE | |
r-oldrel-macos-arm64 | 0.2.1 | 33.00 | NOTE | |||
r-oldrel-windows-x86_64 | 0.2.1 | 8.00 | 82.00 | 90.00 | NOTE |
Version: 0.2.1
Check: LazyData
Result: NOTE
'LazyData' is specified without a 'data' directory
Flavors: r-devel-linux-x86_64-debian-clang, r-devel-linux-x86_64-debian-gcc, r-devel-linux-x86_64-fedora-clang, r-devel-linux-x86_64-fedora-gcc, r-devel-windows-x86_64, r-patched-linux-x86_64, r-release-linux-x86_64, r-release-macos-arm64, r-release-macos-x86_64, r-release-windows-x86_64, r-oldrel-macos-arm64, r-oldrel-windows-x86_64
Version: 0.2.1
Check: tests
Result: NOTE
Running ‘testthat.R’ [38s/15s]
Running R code in ‘testthat.R’ had CPU time 2.6 times elapsed time
Flavor: r-devel-linux-x86_64-debian-clang