CRAN Package Check Results for Package dreamerr

Last updated on 2022-12-04 20:53:22 CET.

Flavor Version Tinstall Tcheck Ttotal Status Flags
r-devel-linux-x86_64-debian-clang 1.2.3 6.71 49.94 56.65 NOTE
r-devel-linux-x86_64-debian-gcc 1.2.3 6.00 37.75 43.75 NOTE
r-devel-linux-x86_64-fedora-clang 1.2.3 81.04 NOTE
r-devel-linux-x86_64-fedora-gcc 1.2.3 78.46 NOTE
r-devel-windows-x86_64 1.2.3 27.00 79.00 106.00 NOTE
r-patched-linux-x86_64 1.2.3 7.25 47.49 54.74 NOTE
r-release-linux-x86_64 1.2.3 8.37 47.52 55.89 NOTE
r-release-macos-arm64 1.2.3 22.00 NOTE
r-release-macos-x86_64 1.2.3 32.00 NOTE
r-release-windows-x86_64 1.2.3 28.00 85.00 113.00 NOTE
r-oldrel-macos-arm64 1.2.3 29.00 NOTE
r-oldrel-macos-x86_64 1.2.3 46.00 NOTE
r-oldrel-windows-ix86+x86_64 1.2.3 14.00 77.00 91.00 NOTE

Check Details

Version: 1.2.3
Check: LazyData
Result: NOTE
     'LazyData' is specified without a 'data' directory
Flavors: r-devel-linux-x86_64-debian-clang, r-devel-linux-x86_64-debian-gcc, r-devel-linux-x86_64-fedora-clang, r-devel-linux-x86_64-fedora-gcc, r-devel-windows-x86_64, r-patched-linux-x86_64, r-release-linux-x86_64, r-release-macos-arm64, r-release-macos-x86_64, r-release-windows-x86_64, r-oldrel-macos-arm64, r-oldrel-macos-x86_64, r-oldrel-windows-ix86+x86_64