Last updated on 2024-04-19 20:56:36 CEST.
Flavor | Version | Tinstall | Tcheck | Ttotal | Status | Flags |
---|---|---|---|---|---|---|
r-devel-linux-x86_64-debian-clang | 0.2.6 | 159.00 | 31.06 | 190.06 | OK | |
r-devel-linux-x86_64-debian-gcc | 0.2.6 | OK | ||||
r-devel-linux-x86_64-fedora-clang | 0.2.6 | 324.02 | OK | |||
r-devel-linux-x86_64-fedora-gcc | 0.2.6 | 289.74 | OK | |||
r-prerel-macos-arm64 | 0.2.6 | 58.00 | NOTE | |||
r-prerel-windows-x86_64 | 0.2.6 | 133.00 | 68.00 | 201.00 | OK | |
r-patched-linux-x86_64 | 0.2.6 | 154.37 | 29.92 | 184.29 | OK | |
r-release-linux-x86_64 | 0.2.6 | 166.08 | 30.10 | 196.18 | OK | |
r-release-macos-arm64 | 0.2.6 | 70.00 | NOTE | |||
r-release-macos-x86_64 | 0.2.6 | 123.00 | NOTE | |||
r-release-windows-x86_64 | 0.2.6 | 152.00 | 80.00 | 232.00 | OK | |
r-oldrel-macos-arm64 | 0.2.6 | 68.00 | NOTE | |||
r-oldrel-windows-x86_64 | 0.2.6 | 138.00 | 78.00 | 216.00 | OK |
Version: 0.2.6
Check: installed package size
Result: NOTE
installed size is 12.4Mb
sub-directories of 1Mb or more:
libs 12.2Mb
Flavors: r-prerel-macos-arm64, r-release-macos-arm64, r-release-macos-x86_64, r-oldrel-macos-arm64