Last updated on 2025-11-26 19:51:20 CET.
| Flavor | Version | Tinstall | Tcheck | Ttotal | Status | Flags |
|---|---|---|---|---|---|---|
| r-devel-linux-x86_64-debian-clang | 0.0.3 | 0.32 | 3.13 | 3.45 | ERROR | |
| r-devel-linux-x86_64-debian-gcc | 0.0.3 | 0.26 | 2.70 | 2.96 | ERROR | |
| r-devel-linux-x86_64-fedora-clang | 0.0.3 | 3.21 | ERROR | |||
| r-devel-linux-x86_64-fedora-gcc | 0.0.3 | 20.00 | 167.86 | 187.86 | OK | |
| r-devel-windows-x86_64 | 0.0.3 | 9.00 | 109.00 | 118.00 | OK | |
| r-patched-linux-x86_64 | 0.0.3 | 4.06 | 95.19 | 99.25 | OK | |
| r-release-linux-x86_64 | 0.0.3 | 3.54 | 95.28 | 98.82 | OK | |
| r-release-macos-arm64 | 0.0.3 | OK | ||||
| r-release-macos-x86_64 | 0.0.3 | 4.00 | 132.00 | 136.00 | OK | |
| r-release-windows-x86_64 | 0.0.3 | 7.00 | 107.00 | 114.00 | OK | |
| r-oldrel-macos-arm64 | 0.0.3 | OK | ||||
| r-oldrel-macos-x86_64 | 0.0.3 | 5.00 | 121.00 | 126.00 | OK | |
| r-oldrel-windows-x86_64 | 0.0.3 | 9.00 | 141.00 | 150.00 | OK |
Version: 0.0.3
Check: package dependencies
Result: ERROR
Package required but not available: ‘rmapshaper’
See section ‘The DESCRIPTION file’ in the ‘Writing R Extensions’
manual.
Flavors: r-devel-linux-x86_64-debian-clang, r-devel-linux-x86_64-debian-gcc, r-devel-linux-x86_64-fedora-clang