Last updated on 2023-06-05 21:59:04 CEST.
Flavor | Version | Tinstall | Tcheck | Ttotal | Status | Flags |
---|---|---|---|---|---|---|
r-devel-linux-x86_64-debian-clang | 0.3.0 | 6.98 | 82.01 | 88.99 | OK | |
r-devel-linux-x86_64-debian-gcc | 0.3.0 | 5.41 | 62.69 | 68.10 | OK | |
r-devel-linux-x86_64-fedora-clang | 0.3.0 | 111.83 | NOTE | |||
r-devel-linux-x86_64-fedora-gcc | 0.3.0 | 116.73 | NOTE | |||
r-devel-windows-x86_64 | 0.3.0 | 7.00 | 82.00 | 89.00 | OK | |
r-patched-linux-x86_64 | 0.3.0 | 6.06 | 76.10 | 82.16 | OK | |
r-release-linux-x86_64 | 0.3.0 | 5.89 | 76.10 | 81.99 | OK | |
r-release-macos-arm64 | 0.3.0 | 46.00 | OK | |||
r-release-macos-x86_64 | 0.2.0 | 64.00 | OK | |||
r-release-windows-x86_64 | 0.3.0 | 9.00 | 97.00 | 106.00 | OK | |
r-oldrel-macos-arm64 | 0.3.0 | 43.00 | OK | |||
r-oldrel-macos-x86_64 | 0.3.0 | 56.00 | OK | |||
r-oldrel-windows-x86_64 | 0.3.0 | 10.00 | 107.00 | 117.00 | OK |
Version: 0.3.0
Check: data for non-ASCII characters
Result: NOTE
Note: found 3 marked UTF-8 strings
Flavors: r-devel-linux-x86_64-fedora-clang, r-devel-linux-x86_64-fedora-gcc