Last updated on 2024-03-28 19:48:29 CET.
Flavor | Version | Tinstall | Tcheck | Ttotal | Status | Flags |
---|---|---|---|---|---|---|
r-devel-linux-x86_64-debian-clang | 0.2.21 | 212.55 | 316.52 | 529.07 | NOTE | |
r-devel-linux-x86_64-debian-gcc | 0.2.21 | 182.34 | 234.37 | 416.71 | NOTE | |
r-devel-linux-x86_64-fedora-clang | 0.2.21 | 760.25 | NOTE | |||
r-devel-linux-x86_64-fedora-gcc | 0.2.21 | 776.65 | NOTE | |||
r-devel-windows-x86_64 | 0.2.21 | 180.00 | 250.00 | 430.00 | NOTE | |
r-patched-linux-x86_64 | 0.2.21 | 209.90 | 300.80 | 510.70 | NOTE | |
r-release-linux-x86_64 | 0.2.21 | 227.79 | 310.21 | 538.00 | NOTE | |
r-release-macos-arm64 | 0.2.21 | 191.00 | NOTE | |||
r-release-macos-x86_64 | 0.2.21 | 228.00 | NOTE | |||
r-release-windows-x86_64 | 0.2.21 | 222.00 | 308.00 | 530.00 | NOTE | |
r-oldrel-macos-arm64 | 0.2.21 | 179.00 | NOTE | |||
r-oldrel-windows-x86_64 | 0.2.21 | 203.00 | 295.00 | 498.00 | NOTE |
Version: 0.2.21
Check: Rd files
Result: NOTE
checkRd: (-1) compare_heaps.Rd:11: Lost braces
11 | sub-sample selected with code{dodgr_sample})}
| ^
checkRd: (-1) dodgr_save_streetnet.Rd:24: Lost braces
24 | result of a link{weight_streetnet} call can be rapidly loaded into a
| ^
checkRd: (-1) weight_railway.Rd:23: Lost braces
23 | \item{id_col}{Specify column of the code{sf} \code{data.frame} object which
| ^
checkRd: (-1) weight_streetnet.Rd:85: Lost braces
85 | \item{id_col}{For \code{sf}-formatted data only: Specify column of the code{sf}
| ^
Flavors: r-devel-linux-x86_64-debian-clang, r-devel-linux-x86_64-debian-gcc, r-devel-linux-x86_64-fedora-clang, r-devel-linux-x86_64-fedora-gcc, r-devel-windows-x86_64, r-patched-linux-x86_64
Version: 0.2.21
Check: for GNU extensions in Makefiles
Result: NOTE
GNU make is a SystemRequirements.
Flavors: r-devel-linux-x86_64-debian-clang, r-devel-linux-x86_64-debian-gcc, r-devel-linux-x86_64-fedora-clang, r-devel-linux-x86_64-fedora-gcc, r-devel-windows-x86_64, r-patched-linux-x86_64, r-release-linux-x86_64, r-release-macos-arm64, r-release-macos-x86_64, r-release-windows-x86_64, r-oldrel-macos-arm64, r-oldrel-windows-x86_64
Version: 0.2.21
Check: installed package size
Result: NOTE
installed size is 8.2Mb
sub-directories of 1Mb or more:
doc 6.5Mb
Flavors: r-devel-linux-x86_64-fedora-clang, r-devel-windows-x86_64, r-release-macos-arm64, r-release-macos-x86_64, r-release-windows-x86_64, r-oldrel-macos-arm64, r-oldrel-windows-x86_64