CRAN Package Check Results for Package docxtractr

Last updated on 2024-06-20 20:49:08 CEST.

Flavor Version Tinstall Tcheck Ttotal Status Flags
r-devel-linux-x86_64-debian-clang 0.6.5 4.88 47.30 52.18 NOTE
r-devel-linux-x86_64-debian-gcc 0.6.5 4.22 35.29 39.51 NOTE
r-devel-linux-x86_64-fedora-clang 0.6.5 66.00 NOTE
r-devel-linux-x86_64-fedora-gcc 0.6.5 66.50 NOTE
r-devel-windows-x86_64 0.6.5 7.00 57.00 64.00 NOTE
r-patched-linux-x86_64 0.6.5 5.10 43.68 48.78 NOTE
r-release-linux-x86_64 0.6.5 4.00 44.74 48.74 NOTE
r-release-macos-arm64 0.6.5 25.00 NOTE
r-release-macos-x86_64 0.6.5 33.00 NOTE
r-release-windows-x86_64 0.6.5 7.00 57.00 64.00 NOTE
r-oldrel-macos-arm64 0.6.5 27.00 NOTE
r-oldrel-macos-x86_64 0.6.5 33.00 NOTE
r-oldrel-windows-x86_64 0.6.5 8.00 67.00 75.00 NOTE

Check Details

Version: 0.6.5
Check: LazyData
Result: NOTE 'LazyData' is specified without a 'data' directory Flavors: r-devel-linux-x86_64-debian-clang, r-devel-linux-x86_64-debian-gcc, r-devel-linux-x86_64-fedora-clang, r-devel-linux-x86_64-fedora-gcc, r-devel-windows-x86_64, r-patched-linux-x86_64, r-release-linux-x86_64, r-release-macos-arm64, r-release-macos-x86_64, r-release-windows-x86_64, r-oldrel-macos-arm64, r-oldrel-macos-x86_64, r-oldrel-windows-x86_64