Last updated on 2024-07-17 20:56:58 CEST.
Flavor | Version | Tinstall | Tcheck | Ttotal | Status | Flags |
---|---|---|---|---|---|---|
r-devel-linux-x86_64-debian-clang | 0.4.0 | 5.68 | 71.40 | 77.08 | NOTE | |
r-devel-linux-x86_64-debian-gcc | 0.4.0 | 3.88 | 52.04 | 55.92 | NOTE | |
r-devel-linux-x86_64-fedora-clang | 0.4.0 | 94.93 | NOTE | |||
r-devel-linux-x86_64-fedora-gcc | 0.4.0 | 92.62 | NOTE | |||
r-devel-windows-x86_64 | 0.4.0 | 7.00 | 72.00 | 79.00 | NOTE | |
r-patched-linux-x86_64 | 0.4.0 | 5.27 | 73.73 | 79.00 | NOTE | |
r-release-linux-x86_64 | 0.4.0 | 5.30 | 62.73 | 68.03 | NOTE | |
r-release-macos-arm64 | 0.4.0 | 27.00 | NOTE | |||
r-release-macos-x86_64 | 0.4.0 | 48.00 | NOTE | |||
r-release-windows-x86_64 | 0.4.0 | 8.00 | 74.00 | 82.00 | NOTE | |
r-oldrel-macos-arm64 | 0.4.0 | 30.00 | NOTE | |||
r-oldrel-macos-x86_64 | 0.4.0 | 45.00 | NOTE | |||
r-oldrel-windows-x86_64 | 0.4.0 | 9.00 | 91.00 | 100.00 | NOTE |
Version: 0.4.0
Check: LazyData
Result: NOTE
'LazyData' is specified without a 'data' directory
Flavors: r-devel-linux-x86_64-debian-clang, r-devel-linux-x86_64-debian-gcc, r-devel-linux-x86_64-fedora-clang, r-devel-linux-x86_64-fedora-gcc, r-devel-windows-x86_64, r-patched-linux-x86_64, r-release-linux-x86_64, r-release-macos-arm64, r-release-macos-x86_64, r-release-windows-x86_64, r-oldrel-macos-arm64, r-oldrel-macos-x86_64, r-oldrel-windows-x86_64