Last updated on 2024-04-25 20:48:19 CEST.
Flavor | Version | Tinstall | Tcheck | Ttotal | Status | Flags |
---|---|---|---|---|---|---|
r-devel-linux-x86_64-debian-clang | 1.0.1 | 2.13 | 28.67 | 30.80 | NOTE | |
r-devel-linux-x86_64-debian-gcc | 1.0.1 | 1.83 | 22.62 | 24.45 | NOTE | |
r-devel-linux-x86_64-fedora-clang | 1.0.1 | 41.41 | NOTE | |||
r-devel-linux-x86_64-fedora-gcc | 1.0.1 | 50.38 | NOTE | |||
r-devel-windows-x86_64 | 1.0.1 | 4.00 | 45.00 | 49.00 | NOTE | |
r-patched-linux-x86_64 | 1.0.1 | 2.32 | 28.13 | 30.45 | NOTE | |
r-release-linux-x86_64 | 1.0.1 | 1.77 | 25.02 | 26.79 | NOTE | |
r-release-macos-arm64 | 1.0.1 | 21.00 | NOTE | |||
r-release-windows-x86_64 | 1.0.1 | 3.00 | 45.00 | 48.00 | NOTE | |
r-oldrel-macos-arm64 | 1.0.1 | 26.00 | NOTE | |||
r-oldrel-macos-x86_64 | 1.0.1 | 33.00 | NOTE | |||
r-oldrel-windows-x86_64 | 1.0.1 | 4.00 | 45.00 | 49.00 | NOTE |
Version: 1.0.1
Check: LazyData
Result: NOTE
'LazyData' is specified without a 'data' directory
Flavors: r-devel-linux-x86_64-debian-clang, r-devel-linux-x86_64-debian-gcc, r-devel-linux-x86_64-fedora-clang, r-devel-linux-x86_64-fedora-gcc, r-devel-windows-x86_64, r-patched-linux-x86_64, r-release-linux-x86_64, r-release-macos-arm64, r-release-windows-x86_64, r-oldrel-macos-arm64, r-oldrel-macos-x86_64, r-oldrel-windows-x86_64