CRAN Package Check Results for Package doSNOW

Last updated on 2022-11-29 20:52:58 CET.

Flavor Version Tinstall Tcheck Ttotal Status Flags
r-devel-linux-x86_64-debian-clang 1.0.20 2.70 26.23 28.93 NOTE
r-devel-linux-x86_64-debian-gcc 1.0.20 1.53 20.17 21.70 NOTE
r-devel-linux-x86_64-fedora-clang 1.0.20 45.88 OK
r-devel-linux-x86_64-fedora-gcc 1.0.20 44.00 OK
r-devel-windows-x86_64 1.0.20 7.00 53.00 60.00 OK
r-patched-linux-x86_64 1.0.20 1.77 24.77 26.54 NOTE
r-release-linux-x86_64 1.0.20 2.12 25.31 27.43 NOTE
r-release-macos-arm64 1.0.20 16.00 OK
r-release-macos-x86_64 1.0.20 23.00 OK
r-release-windows-x86_64 1.0.20 9.00 54.00 63.00 OK
r-oldrel-macos-arm64 1.0.20 13.00 OK
r-oldrel-macos-x86_64 1.0.20 23.00 OK
r-oldrel-windows-ix86+x86_64 1.0.20 6.00 49.00 55.00 OK

Check Details

Version: 1.0.20
Check: R code for possible problems
Result: NOTE
    Found the following calls to attach():
    File 'doSNOW/R/doSNOW.R':
     attach(exportEnv)
    See section 'Good practice' in '?attach'.
Flavors: r-devel-linux-x86_64-debian-clang, r-devel-linux-x86_64-debian-gcc, r-patched-linux-x86_64, r-release-linux-x86_64