CRAN Package Check Results for Package doRedis

Last updated on 2024-02-25 19:49:55 CET.

Flavor Version Tinstall Tcheck Ttotal Status Flags
r-devel-linux-x86_64-debian-clang 3.0.2 4.00 40.96 44.96 NOTE
r-devel-linux-x86_64-debian-gcc 3.0.2 3.22 32.38 35.60 NOTE
r-devel-linux-x86_64-fedora-clang 3.0.2 58.07 OK
r-devel-linux-x86_64-fedora-gcc 3.0.2 68.39 OK
r-devel-windows-x86_64 3.0.2 7.00 97.00 104.00 OK
r-patched-linux-x86_64 3.0.2 7.71 40.05 47.76 OK
r-release-linux-x86_64 3.0.2 3.97 40.60 44.57 OK
r-release-macos-arm64 3.0.2 36.00 OK
r-release-macos-x86_64 3.0.2 114.00 OK
r-release-windows-x86_64 3.0.2 9.00 86.00 95.00 OK
r-oldrel-macos-arm64 3.0.2 30.00 OK
r-oldrel-windows-x86_64 3.0.2 8.00 91.00 99.00 OK

Check Details

Version: 3.0.2
Check: Rd files
Result: NOTE checkRd: (-1) redisWorker.Rd:56: Lost braces; missing escapes or markup? 56 | You can increase it by including a {timeout=n} argument value. | ^ checkRd: (-1) startLocalWorkers.Rd:54: Lost braces; missing escapes or markup? 54 | You can increase it by including a {timeout=n} argument value. | ^ Flavors: r-devel-linux-x86_64-debian-clang, r-devel-linux-x86_64-debian-gcc