CRAN Package Check Results for Package doRNG

Last updated on 2022-11-25 19:49:50 CET.

Flavor Version Tinstall Tcheck Ttotal Status Flags
r-devel-linux-x86_64-debian-clang 1.8.2 2.68 37.95 40.63 ERROR
r-devel-linux-x86_64-debian-gcc 1.8.2 2.00 29.04 31.04 ERROR
r-devel-linux-x86_64-fedora-clang 1.8.2 61.43 ERROR
r-devel-linux-x86_64-fedora-gcc 1.8.2 58.64 ERROR
r-devel-windows-x86_64 1.8.2 18.00 140.00 158.00 OK
r-patched-linux-x86_64 1.8.2 ERROR
r-release-linux-x86_64 1.8.2 2.54 36.15 38.69 ERROR
r-release-macos-arm64 1.8.2 79.00 NOTE
r-release-macos-x86_64 1.8.2 90.00 NOTE
r-release-windows-x86_64 1.8.2 16.00 130.00 146.00 OK
r-oldrel-macos-arm64 1.8.2 84.00 NOTE
r-oldrel-macos-x86_64 1.8.2 101.00 NOTE
r-oldrel-windows-ix86+x86_64 1.8.2 7.00 111.00 118.00 OK

Check Details

Version: 1.8.2
Check: package dependencies
Result: NOTE
    Package suggested but not available for checking: 'pkgmaker'
Flavors: r-devel-linux-x86_64-debian-clang, r-devel-linux-x86_64-debian-gcc, r-devel-linux-x86_64-fedora-clang, r-devel-linux-x86_64-fedora-gcc, r-patched-linux-x86_64, r-release-linux-x86_64

Version: 1.8.2
Check: re-building of vignette outputs
Result: ERROR
    Error(s) in re-building vignettes:
     ...
    --- re-building 'doRNG.Rnw' using knitr
    Quitting from lines 20-21 (doRNG.Rnw)
    Error: processing vignette 'doRNG.Rnw' failed with diagnostics:
    there is no package called 'pkgmaker'
    --- failed re-building 'doRNG.Rnw'
    
    SUMMARY: processing the following file failed:
     'doRNG.Rnw'
    
    Error: Vignette re-building failed.
    Execution halted
Flavors: r-devel-linux-x86_64-debian-clang, r-devel-linux-x86_64-debian-gcc, r-patched-linux-x86_64, r-release-linux-x86_64

Version: 1.8.2
Check: re-building of vignette outputs
Result: ERROR
    Error(s) in re-building vignettes:
    --- re-building ‘doRNG.Rnw’ using knitr
    Quitting from lines 20-21 (doRNG.Rnw)
    Error: processing vignette 'doRNG.Rnw' failed with diagnostics:
    there is no package called 'pkgmaker'
    --- failed re-building ‘doRNG.Rnw’
    
    SUMMARY: processing the following file failed:
     ‘doRNG.Rnw’
    
    Error: Vignette re-building failed.
    Execution halted
Flavors: r-devel-linux-x86_64-fedora-clang, r-devel-linux-x86_64-fedora-gcc

Version: 1.8.2
Check: package dependencies
Result: NOTE
    Package suggested but not available for checking: ‘doMPI’
Flavors: r-release-macos-arm64, r-release-macos-x86_64

Version: 1.8.2
Check: Rd cross-references
Result: NOTE
    Package unavailable to check Rd xrefs: ‘doMPI’
Flavors: r-release-macos-arm64, r-release-macos-x86_64, r-oldrel-macos-arm64, r-oldrel-macos-x86_64

Version: 1.8.2
Check: package dependencies
Result: NOTE
    Packages suggested but not available for checking: 'doMPI', 'doRedis'
Flavors: r-oldrel-macos-arm64, r-oldrel-macos-x86_64