CRAN Package Check Results for Package doMPI

Last updated on 2022-09-28 21:51:35 CEST.

Flavor Version Tinstall Tcheck Ttotal Status Flags
r-devel-linux-x86_64-debian-clang 0.2.2 3.24 36.94 40.18 OK
r-devel-linux-x86_64-debian-gcc 0.2.2 3.27 29.65 32.92 OK
r-devel-linux-x86_64-fedora-clang 0.2.2 66.30 OK
r-devel-linux-x86_64-fedora-gcc 0.2.2 63.36 OK
r-devel-windows-x86_64 0.2.2 17.00 80.00 97.00 OK
r-patched-linux-x86_64 0.2.2 4.09 36.94 41.03 OK
r-release-linux-x86_64 0.2.2 4.07 36.24 40.31 OK
r-release-macos-arm64 0.2.2 6.00 ERROR
r-release-macos-x86_64 0.2.2 7.00 ERROR
r-release-windows-x86_64 0.2.2 15.00 73.00 88.00 OK
r-oldrel-macos-arm64 0.2.2 9.00 ERROR
r-oldrel-macos-x86_64 0.2.2 12.00 ERROR
r-oldrel-windows-ix86+x86_64 0.2.2 8.00 70.00 78.00 OK

Check Details

Version: 0.2.2
Check: package dependencies
Result: ERROR
    Package required but not available: ‘Rmpi’
    
    See section ‘The DESCRIPTION file’ in the ‘Writing R Extensions’
    manual.
Flavors: r-release-macos-arm64, r-release-macos-x86_64, r-oldrel-macos-arm64, r-oldrel-macos-x86_64