CRAN Package Check Results for Package dndR

Last updated on 2023-11-28 20:48:21 CET.

Flavor Version Tinstall Tcheck Ttotal Status Flags
r-devel-linux-x86_64-debian-clang 1.3.1 7.01 70.20 77.21 OK
r-devel-linux-x86_64-debian-gcc 1.3.1 4.14 52.97 57.11 OK
r-devel-linux-x86_64-fedora-clang 1.3.1 98.62 NOTE
r-devel-linux-x86_64-fedora-gcc 1.3.1 100.84 NOTE
r-devel-windows-x86_64 1.3.1 9.00 76.00 85.00 OK
r-patched-linux-x86_64 1.3.1 4.87 66.27 71.14 OK
r-release-linux-x86_64 1.3.1 4.94 66.32 71.26 OK
r-release-macos-arm64 1.3.1 37.00 OK
r-release-macos-x86_64 1.3.1 77.00 OK
r-release-windows-x86_64 1.3.1 10.00 88.00 98.00 OK
r-oldrel-macos-arm64 1.3.1 37.00 OK
r-oldrel-macos-x86_64 1.3.1 50.00 OK
r-oldrel-windows-x86_64 1.3.1 10.00 91.00 101.00 OK

Check Details

Version: 1.3.1
Check: data for non-ASCII characters
Result: NOTE Note: found 175 marked UTF-8 strings Flavors: r-devel-linux-x86_64-fedora-clang, r-devel-linux-x86_64-fedora-gcc