CRAN Package Check Results for Package diversityForest

Last updated on 2022-09-28 21:51:35 CEST.

Flavor Version Tinstall Tcheck Ttotal Status Flags
r-devel-linux-x86_64-debian-clang 0.3.4 162.68 131.00 293.68 NOTE
r-devel-linux-x86_64-debian-gcc 0.3.4 135.33 98.73 234.06 NOTE
r-devel-linux-x86_64-fedora-clang 0.3.4 427.54 NOTE
r-devel-linux-x86_64-fedora-gcc 0.3.4 383.87 NOTE
r-devel-windows-x86_64 0.3.4 162.00 192.00 354.00 NOTE
r-patched-linux-x86_64 0.3.4 142.03 122.33 264.36 NOTE
r-release-linux-x86_64 0.3.4 141.04 123.42 264.46 NOTE
r-release-macos-arm64 0.3.4 86.00 NOTE
r-release-macos-x86_64 0.3.4 122.00 NOTE
r-release-windows-x86_64 0.3.4 148.00 166.00 314.00 NOTE
r-oldrel-macos-arm64 0.3.4 83.00 NOTE
r-oldrel-macos-x86_64 0.3.4 118.00 NOTE
r-oldrel-windows-ix86+x86_64 0.3.4 374.00 212.00 586.00 NOTE

Check Details

Version: 0.3.4
Check: package dependencies
Result: NOTE
    Package suggested but not available for checking: 'BOLTSSIRR'
Flavors: r-devel-linux-x86_64-debian-clang, r-devel-linux-x86_64-debian-gcc, r-devel-linux-x86_64-fedora-clang, r-devel-linux-x86_64-fedora-gcc, r-devel-windows-x86_64, r-patched-linux-x86_64, r-release-linux-x86_64, r-release-macos-arm64, r-release-macos-x86_64, r-release-windows-x86_64, r-oldrel-macos-arm64, r-oldrel-macos-x86_64, r-oldrel-windows-ix86+x86_64

Version: 0.3.4
Check: installed package size
Result: NOTE
     installed size is 9.3Mb
     sub-directories of 1Mb or more:
     libs 8.9Mb
Flavors: r-release-macos-arm64, r-release-macos-x86_64, r-oldrel-macos-arm64, r-oldrel-macos-x86_64