Last updated on 2024-04-18 21:56:49 CEST.
Flavor | Version | Tinstall | Tcheck | Ttotal | Status | Flags |
---|---|---|---|---|---|---|
r-devel-linux-x86_64-debian-clang | 0.10-0 | 90.35 | 136.32 | 226.67 | OK | |
r-devel-linux-x86_64-debian-gcc | 0.10-0 | 64.16 | 95.86 | 160.02 | OK | |
r-devel-linux-x86_64-fedora-clang | 0.10-0 | 292.84 | OK | |||
r-devel-linux-x86_64-fedora-gcc | 0.10-0 | 282.89 | OK | |||
r-prerel-macos-arm64 | 0.10-0 | 62.00 | NOTE | |||
r-prerel-windows-x86_64 | 0.10-0 | 85.00 | 136.00 | 221.00 | OK | |
r-patched-linux-x86_64 | 0.10-0 | 80.14 | 126.77 | 206.91 | OK | |
r-release-linux-x86_64 | 0.10-0 | 78.89 | 130.42 | 209.31 | OK | |
r-release-macos-arm64 | 0.10-0 | 79.00 | NOTE | |||
r-release-macos-x86_64 | 0.10-0 | 156.00 | NOTE | |||
r-release-windows-x86_64 | 0.10-0 | 102.00 | 172.00 | 274.00 | OK | |
r-oldrel-macos-arm64 | 0.10-0 | 72.00 | NOTE | |||
r-oldrel-windows-x86_64 | 0.10-0 | 87.00 | 154.00 | 241.00 | OK |
Version: 0.10-0
Check: installed package size
Result: NOTE
installed size is 7.9Mb
sub-directories of 1Mb or more:
libs 6.6Mb
Flavors: r-prerel-macos-arm64, r-release-macos-arm64, r-release-macos-x86_64, r-oldrel-macos-arm64