CRAN Package Check Results for Package distrr

Last updated on 2024-06-12 20:58:53 CEST.

Flavor Version Tinstall Tcheck Ttotal Status Flags
r-devel-linux-x86_64-debian-clang 0.0.6 6.48 48.01 54.49 OK
r-devel-linux-x86_64-debian-gcc 0.0.6 0.32 1.69 2.01 ERROR
r-devel-linux-x86_64-fedora-clang 0.0.6 68.13 OK
r-devel-linux-x86_64-fedora-gcc 0.0.6 62.67 OK
r-devel-windows-x86_64 0.0.6 5.00 61.00 66.00 OK
r-patched-linux-x86_64 0.0.6 5.77 45.95 51.72 OK
r-release-linux-x86_64 0.0.6 5.76 46.03 51.79 OK
r-release-macos-arm64 0.0.6 24.00 OK
r-release-macos-x86_64 0.0.6 52.00 OK
r-release-windows-x86_64 0.0.6 7.00 61.00 68.00 OK
r-oldrel-macos-arm64 0.0.6 27.00 OK
r-oldrel-macos-x86_64 0.0.6 36.00 OK
r-oldrel-windows-x86_64 0.0.6 7.00 64.00 71.00 OK

Check Details

Version: 0.0.6
Check: package dependencies
Result: ERROR Packages required but not available: 'dplyr', 'tidyr' See section ‘The DESCRIPTION file’ in the ‘Writing R Extensions’ manual. Flavor: r-devel-linux-x86_64-debian-gcc