CRAN Package Check Results for Package distrTEst

Last updated on 2022-09-26 21:52:55 CEST.

Flavor Version Tinstall Tcheck Ttotal Status Flags
r-devel-linux-x86_64-debian-clang 2.8.0 23.85 63.76 87.61 NOTE
r-devel-linux-x86_64-debian-gcc 2.8.0 17.30 49.86 67.16 NOTE
r-devel-linux-x86_64-fedora-clang 2.8.0 119.89 NOTE
r-devel-linux-x86_64-fedora-gcc 2.8.0 112.26 NOTE
r-devel-windows-x86_64 2.8.0 45.00 92.00 137.00 OK
r-patched-linux-x86_64 2.8.0 18.78 61.10 79.88 NOTE
r-release-linux-x86_64 2.8.0 15.07 62.25 77.32 NOTE
r-release-macos-arm64 2.8.0 33.00 OK
r-release-macos-x86_64 2.8.0 47.00 OK
r-release-windows-x86_64 2.8.0 49.00 100.00 149.00 OK
r-oldrel-macos-arm64 2.8.0 42.00 OK
r-oldrel-macos-x86_64 2.8.0 52.00 OK
r-oldrel-windows-ix86+x86_64 2.8.0 37.00 84.00 121.00 OK

Check Details

Version: 2.8.0
Check: for non-standard things in the check directory
Result: NOTE
    Found the following files/directories:
     'csim.mean' 'csim.mean.comment'
Flavors: r-devel-linux-x86_64-debian-clang, r-devel-linux-x86_64-debian-gcc, r-devel-linux-x86_64-fedora-clang, r-devel-linux-x86_64-fedora-gcc, r-patched-linux-x86_64, r-release-linux-x86_64

Version: 2.8.0
Check: Rd cross-references
Result: NOTE
    Undeclared package ‘distr’ in Rd xrefs
Flavor: r-devel-linux-x86_64-fedora-clang