Last updated on 2024-03-27 19:56:49 CET.
Flavor | Version | Tinstall | Tcheck | Ttotal | Status | Flags |
---|---|---|---|---|---|---|
r-devel-linux-x86_64-debian-clang | 2.8.2 | 18.66 | 63.63 | 82.29 | OK | |
r-devel-linux-x86_64-debian-gcc | 2.8.2 | 18.25 | 48.57 | 66.82 | OK | |
r-devel-linux-x86_64-fedora-clang | 2.8.2 | 106.33 | NOTE | |||
r-devel-linux-x86_64-fedora-gcc | 2.8.2 | 111.15 | OK | |||
r-devel-windows-x86_64 | 2.8.2 | 17.00 | 68.00 | 85.00 | OK | |
r-patched-linux-x86_64 | 2.8.2 | 19.05 | 61.37 | 80.42 | OK | |
r-release-linux-x86_64 | 2.8.2 | 16.94 | 62.73 | 79.67 | OK | |
r-release-macos-arm64 | 2.8.2 | 40.00 | OK | |||
r-release-macos-x86_64 | 2.8.2 | 86.00 | OK | |||
r-release-windows-x86_64 | 2.8.2 | 18.00 | 76.00 | 94.00 | OK | |
r-oldrel-macos-arm64 | 2.8.2 | 39.00 | OK | |||
r-oldrel-windows-x86_64 | 2.8.2 | 25.00 | 81.00 | 106.00 | OK |
Version: 2.8.2
Check: Rd cross-references
Result: NOTE
Undeclared package ‘distrTEst’ in Rd xrefs
Flavor: r-devel-linux-x86_64-fedora-clang