CRAN Package Check Results for Package distrMod

Last updated on 2022-10-03 21:53:35 CEST.

Flavor Version Tinstall Tcheck Ttotal Status Flags
r-devel-linux-x86_64-debian-clang 2.8.5 47.40 219.90 267.30 OK
r-devel-linux-x86_64-debian-gcc 2.8.5 35.10 159.02 194.12 OK
r-devel-linux-x86_64-fedora-clang 2.8.5 344.26 NOTE
r-devel-linux-x86_64-fedora-gcc 2.8.5 328.49 OK
r-devel-windows-x86_64 2.8.5 191.00 323.00 514.00 OK
r-patched-linux-x86_64 2.8.5 50.54 205.28 255.82 OK
r-release-linux-x86_64 2.8.5 40.62 202.46 243.08 OK
r-release-macos-arm64 2.8.5 84.00 OK
r-release-macos-x86_64 2.8.5 120.00 OK
r-release-windows-x86_64 2.8.5 169.00 298.00 467.00 OK
r-oldrel-macos-arm64 2.8.5 78.00 OK
r-oldrel-macos-x86_64 2.8.5 112.00 OK
r-oldrel-windows-ix86+x86_64 2.8.5 85.00 247.00 332.00 OK

Check Details

Version: 2.8.5
Check: Rd cross-references
Result: NOTE
    Undeclared package ‘RobAStBase’ in Rd xrefs
Flavor: r-devel-linux-x86_64-fedora-clang