CRAN Package Check Results for Package disto

Last updated on 2022-10-04 21:53:38 CEST.

Flavor Version Tinstall Tcheck Ttotal Status Flags
r-devel-linux-x86_64-debian-clang 0.2.0 3.31 43.59 46.90 NOTE
r-devel-linux-x86_64-debian-gcc 0.2.0 2.44 32.55 34.99 NOTE
r-devel-linux-x86_64-fedora-clang 0.2.0 68.95 NOTE
r-devel-linux-x86_64-fedora-gcc 0.2.0 64.92 NOTE
r-devel-windows-x86_64 0.2.0 12.00 83.00 95.00 NOTE
r-patched-linux-x86_64 0.2.0 3.01 40.98 43.99 OK
r-release-linux-x86_64 0.2.0 2.90 40.59 43.49 OK
r-release-macos-arm64 0.2.0 23.00 NOTE
r-release-macos-x86_64 0.2.0 36.00 NOTE
r-release-windows-x86_64 0.2.0 11.00 76.00 87.00 OK
r-oldrel-macos-arm64 0.2.0 30.00 NOTE
r-oldrel-macos-x86_64 0.2.0 37.00 NOTE
r-oldrel-windows-ix86+x86_64 0.2.0 10.00 76.00 86.00 OK

Check Details

Version: 0.2.0
Check: package subdirectories
Result: NOTE
    Problems with news in 'NEWS.md':
    No news entries found.
Flavors: r-devel-linux-x86_64-debian-clang, r-devel-linux-x86_64-debian-gcc, r-devel-linux-x86_64-fedora-clang, r-devel-linux-x86_64-fedora-gcc, r-devel-windows-x86_64

Version: 0.2.0
Check: dependencies in R code
Result: NOTE
    Namespaces in Imports field not imported from:
     ‘dplyr’ ‘proxy’
     All declared Imports should be used.
Flavors: r-devel-linux-x86_64-fedora-clang, r-devel-linux-x86_64-fedora-gcc, r-release-macos-arm64, r-release-macos-x86_64, r-oldrel-macos-arm64, r-oldrel-macos-x86_64