CRAN Package Check Results for Package dismo

Last updated on 2022-12-04 20:53:22 CET.

Flavor Version Tinstall Tcheck Ttotal Status Flags
r-devel-linux-x86_64-debian-clang 1.3-9 57.31 351.81 409.12 OK
r-devel-linux-x86_64-debian-gcc 1.3-9 48.62 258.11 306.73 OK
r-devel-linux-x86_64-fedora-clang 1.3-9 551.53 NOTE
r-devel-linux-x86_64-fedora-gcc 1.3-9 540.76 NOTE
r-devel-windows-x86_64 1.3-9 88.00 352.00 440.00 OK --no-vignettes
r-patched-linux-x86_64 1.3-9 56.14 342.88 399.02 OK
r-release-linux-x86_64 1.3-9 47.31 339.09 386.40 OK
r-release-macos-arm64 1.3-9 114.00 NOTE
r-release-macos-x86_64 1.3-9 148.00 NOTE
r-release-windows-x86_64 1.3-9 93.00 277.00 370.00 OK --no-vignettes
r-oldrel-macos-arm64 1.3-9 100.00 NOTE
r-oldrel-macos-x86_64 1.3-9 146.00 NOTE
r-oldrel-windows-ix86+x86_64 1.3-9 129.00 499.00 628.00 OK --no-vignettes

Check Details

Version: 1.3-9
Check: data for non-ASCII characters
Result: NOTE
     Note: found 106 marked UTF-8 strings
Flavors: r-devel-linux-x86_64-fedora-clang, r-devel-linux-x86_64-fedora-gcc, r-release-macos-arm64, r-release-macos-x86_64, r-oldrel-macos-arm64, r-oldrel-macos-x86_64