Last updated on 2024-03-27 19:56:49 CET.
Flavor | Version | Tinstall | Tcheck | Ttotal | Status | Flags |
---|---|---|---|---|---|---|
r-devel-linux-x86_64-debian-clang | 0.8.3 | 35.06 | 139.84 | 174.90 | NOTE | |
r-devel-linux-x86_64-debian-gcc | 0.8.3 | 25.32 | 107.24 | 132.56 | NOTE | |
r-devel-linux-x86_64-fedora-clang | 0.8.3 | 242.10 | NOTE | |||
r-devel-linux-x86_64-fedora-gcc | 0.8.3 | 227.61 | NOTE | |||
r-devel-windows-x86_64 | 0.8.3 | 29.00 | 149.00 | 178.00 | NOTE | |
r-patched-linux-x86_64 | 0.8.3 | 41.12 | 139.97 | 181.09 | OK | |
r-release-linux-x86_64 | 0.8.3 | 33.13 | 138.57 | 171.70 | OK | |
r-release-macos-arm64 | 0.8.3 | 68.00 | OK | |||
r-release-macos-x86_64 | 0.8.3 | 142.00 | OK | |||
r-release-windows-x86_64 | 0.8.3 | 39.00 | 186.00 | 225.00 | OK | |
r-oldrel-macos-arm64 | 0.8.3 | 67.00 | OK | |||
r-oldrel-windows-x86_64 | 0.8.3 | 39.00 | 183.00 | 222.00 | OK |
Version: 0.8.3
Check: Rd files
Result: NOTE
checkRd: (-1) csv_to_disk.frame.Rd:56: Lost braces; missing escapes or markup?
56 | strings, and you are encouraged to use {fasttime} to convert the strings to
| ^
checkRd: (-1) purrr_as_mapper.Rd:10: Lost braces; missing escapes or markup?
10 | \item{.f}{a normal function or purrr syntax function i.e. `~{ ...code...}`}
| ^
Flavors: r-devel-linux-x86_64-debian-clang, r-devel-linux-x86_64-debian-gcc, r-devel-linux-x86_64-fedora-clang, r-devel-linux-x86_64-fedora-gcc, r-devel-windows-x86_64