CRAN Package Check Results for Package diseasemapping

Last updated on 2025-04-14 21:50:43 CEST.

Flavor Version Tinstall Tcheck Ttotal Status Flags
r-devel-linux-x86_64-debian-clang 2.0.6 24.52 240.35 264.87 OK
r-devel-linux-x86_64-debian-gcc 2.0.6 16.08 151.01 167.09 OK
r-devel-linux-x86_64-fedora-clang 2.0.6 428.33 OK
r-devel-linux-x86_64-fedora-gcc 2.0.6 1108.23 OK
r-devel-windows-x86_64 2.0.6 22.00 198.00 220.00 OK
r-patched-linux-x86_64 2.0.6 22.62 234.58 257.20 OK
r-release-linux-x86_64 2.0.6 23.05 233.44 256.49 OK
r-release-macos-arm64 2.0.6 98.00 OK
r-release-macos-x86_64 2.0.6 220.00 OK
r-release-windows-x86_64 2.0.6 24.00 198.00 222.00 OK
r-oldrel-macos-arm64 2.0.6 88.00 NOTE
r-oldrel-macos-x86_64 2.0.6 153.00 NOTE
r-oldrel-windows-x86_64 2.0.6 34.00 280.00 314.00 OK

Check Details

Version: 2.0.6
Check: package dependencies
Result: NOTE Package which this enhances but not available for checking: ‘INLA’ Flavors: r-oldrel-macos-arm64, r-oldrel-macos-x86_64