Last updated on 2025-05-06 20:50:38 CEST.
Flavor | Version | Tinstall | Tcheck | Ttotal | Status | Flags |
---|---|---|---|---|---|---|
r-devel-linux-x86_64-debian-clang | 1.0-1 | 2.28 | 60.37 | 62.65 | OK | |
r-devel-linux-x86_64-debian-gcc | 1.0-1 | 1.73 | 43.32 | 45.05 | OK | |
r-devel-linux-x86_64-fedora-clang | 1.0-1 | 103.73 | OK | |||
r-devel-linux-x86_64-fedora-gcc | 1.0-1 | 112.30 | OK | |||
r-devel-windows-x86_64 | 1.0-1 | 3.00 | 81.00 | 84.00 | OK | |
r-patched-linux-x86_64 | 1.0-1 | 2.55 | 57.80 | 60.35 | OK | |
r-release-linux-x86_64 | 1.0-1 | 1.96 | 57.20 | 59.16 | OK | |
r-release-macos-arm64 | 1.0-1 | 41.00 | OK | |||
r-release-macos-x86_64 | 1.0-1 | 74.00 | OK | |||
r-release-windows-x86_64 | 1.0-1 | 5.00 | 80.00 | 85.00 | OK | |
r-oldrel-macos-arm64 | 1.0-1 | 36.00 | NOTE | |||
r-oldrel-macos-x86_64 | 1.0-1 | 57.00 | NOTE | |||
r-oldrel-windows-x86_64 | 1.0-1 | 5.00 | 94.00 | 99.00 | NOTE |
Version: 1.0-1
Check: installed package size
Result: NOTE
installed size is 6.2Mb
sub-directories of 1Mb or more:
doc 1.5Mb
extdata 4.2Mb
Flavors: r-oldrel-macos-arm64, r-oldrel-macos-x86_64, r-oldrel-windows-x86_64