CRAN Package Check Results for Package discreteRV

Last updated on 2022-09-28 21:51:35 CEST.

Flavor Version Tinstall Tcheck Ttotal Status Flags
r-devel-linux-x86_64-debian-clang 1.2.2 3.62 63.47 67.09 NOTE
r-devel-linux-x86_64-debian-gcc 1.2.2 2.31 45.45 47.76 NOTE
r-devel-linux-x86_64-fedora-clang 1.2.2 91.08 NOTE
r-devel-linux-x86_64-fedora-gcc 1.2.2 87.55 NOTE
r-devel-windows-x86_64 1.2.2 30.00 92.00 122.00 NOTE
r-patched-linux-x86_64 1.2.2 4.10 60.48 64.58 NOTE
r-release-linux-x86_64 1.2.2 3.93 59.91 63.84 NOTE
r-release-macos-arm64 1.2.2 24.00 NOTE
r-release-macos-x86_64 1.2.2 35.00 NOTE
r-release-windows-x86_64 1.2.2 47.00 91.00 138.00 NOTE
r-oldrel-macos-arm64 1.2.2 26.00 NOTE
r-oldrel-macos-x86_64 1.2.2 47.00 NOTE
r-oldrel-windows-ix86+x86_64 1.2.2 9.00 61.00 70.00 NOTE

Check Details

Version: 1.2.2
Check: LazyData
Result: NOTE
     'LazyData' is specified without a 'data' directory
Flavors: r-devel-linux-x86_64-debian-clang, r-devel-linux-x86_64-debian-gcc, r-devel-linux-x86_64-fedora-clang, r-devel-linux-x86_64-fedora-gcc, r-devel-windows-x86_64, r-patched-linux-x86_64, r-release-linux-x86_64, r-release-macos-arm64, r-release-macos-x86_64, r-release-windows-x86_64, r-oldrel-macos-arm64, r-oldrel-macos-x86_64, r-oldrel-windows-ix86+x86_64