Last updated on 2025-05-03 21:51:15 CEST.
Flavor | Version | Tinstall | Tcheck | Ttotal | Status | Flags |
---|---|---|---|---|---|---|
r-devel-linux-x86_64-debian-clang | 1.0.2 | 15.76 | 128.37 | 144.13 | NOTE | |
r-devel-linux-x86_64-debian-gcc | 1.0.2 | 10.69 | 90.08 | 100.77 | NOTE | |
r-devel-linux-x86_64-fedora-clang | 1.0.2 | 241.13 | OK | |||
r-devel-linux-x86_64-fedora-gcc | 1.0.2 | 222.22 | OK | |||
r-devel-windows-x86_64 | 1.0.2 | 16.00 | 122.00 | 138.00 | NOTE | |
r-patched-linux-x86_64 | 1.0.2 | 13.37 | 123.06 | 136.43 | NOTE | |
r-release-linux-x86_64 | NOTE | |||||
r-release-macos-arm64 | 1.0.2 | 67.00 | OK | |||
r-release-macos-x86_64 | 1.0.2 | 147.00 | OK | |||
r-release-windows-x86_64 | 1.0.2 | 17.00 | 121.00 | 138.00 | NOTE | |
r-oldrel-macos-arm64 | 1.0.2 | 60.00 | OK | |||
r-oldrel-macos-x86_64 | 1.0.2 | 106.00 | OK | |||
r-oldrel-windows-x86_64 | 1.0.2 | 20.00 | 156.00 | 176.00 | OK |
Version: 1.0.2
Check: CRAN incoming feasibility
Result: NOTE
Maintainer: ‘Alexander Seipp <alexander.seipp@uni-oldenburg.de>’
No Authors@R field in DESCRIPTION.
Please add one, modifying
Authors@R: c(person(given = "Alexander",
family = "Seipp",
role = c("aut", "cre"),
email = "alexander.seipp@uni-oldenburg.de"),
person(given = "Fabian",
family = "Otto-Sobotka",
role = "aut"))
as necessary.
Flavors: r-devel-linux-x86_64-debian-clang, r-devel-linux-x86_64-debian-gcc
Version: 1.0.2
Check: Rd cross-references
Result: NOTE
Found the following Rd file(s) with Rd \link{} targets missing package
anchors:
expectreg.aft.Rd: rb, cdf.qp, cdf.bundle, summary.expectreg,
plot.expectreg, predict.expectreg, resid.expectreg,
fitted.expectreg, effects.expectreg
modreg.Rd: control
Please provide package anchors for all Rd \link{} targets not in the
package itself and the base packages.
Flavors: r-devel-linux-x86_64-debian-clang, r-devel-linux-x86_64-debian-gcc, r-devel-windows-x86_64, r-patched-linux-x86_64, r-release-linux-x86_64, r-release-windows-x86_64