Last updated on 2025-11-07 19:48:39 CET.
| Flavor | Version | Tinstall | Tcheck | Ttotal | Status | Flags |
|---|---|---|---|---|---|---|
| r-devel-linux-x86_64-debian-clang | 0.3.1 | 41.50 | 83.18 | 124.68 | WARN | |
| r-devel-linux-x86_64-debian-gcc | 0.3.1 | 27.76 | 60.62 | 88.38 | WARN | |
| r-devel-linux-x86_64-fedora-clang | 0.3.1 | 222.00 | 17.74 | 239.74 | WARN | |
| r-devel-linux-x86_64-fedora-gcc | 0.3.1 | 345.00 | -101.28 | 243.72 | WARN | |
| r-devel-windows-x86_64 | 0.3.1 | 68.00 | 132.00 | 200.00 | NOTE | |
| r-patched-linux-x86_64 | 0.3.1 | 46.53 | 80.35 | 126.88 | NOTE | |
| r-release-linux-x86_64 | 0.3.1 | 43.36 | 79.00 | 122.36 | NOTE | |
| r-release-macos-arm64 | 0.3.1 | 18.00 | 50.00 | 68.00 | NOTE | |
| r-release-macos-x86_64 | 0.3.1 | 23.00 | 89.00 | 112.00 | NOTE | |
| r-release-windows-x86_64 | 0.3.1 | 65.00 | 130.00 | 195.00 | NOTE | |
| r-oldrel-macos-arm64 | 0.3.1 | 17.00 | 52.00 | 69.00 | OK | |
| r-oldrel-macos-x86_64 | 0.3.1 | 23.00 | 91.00 | 114.00 | OK | |
| r-oldrel-windows-x86_64 | 0.3.1 | 77.00 | 159.00 | 236.00 | OK |
Version: 0.3.1
Check: compiled code
Result: WARN
File ‘dipsaus/libs/dipsaus.so’:
Found non-API call to R: ‘ENCLOS’
This entry point may be removed soon.
Compiled code should not call non-API entry points in R.
See ‘Writing portable packages’ in the ‘Writing R Extensions’ manual,
and section ‘Moving into C API compliance’ for issues with the use of
non-API entry points.
Flavors: r-devel-linux-x86_64-debian-clang, r-devel-linux-x86_64-debian-gcc, r-devel-linux-x86_64-fedora-clang, r-devel-linux-x86_64-fedora-gcc
Version: 0.3.1
Check: compiled code
Result: NOTE
File 'dipsaus/libs/x64/dipsaus.dll':
Found non-API call to R: 'ENCLOS'
Compiled code should not call non-API entry points in R.
See 'Writing portable packages' in the 'Writing R Extensions' manual,
and section 'Moving into C API compliance' for issues with the use of
non-API entry points.
Flavors: r-devel-windows-x86_64, r-release-windows-x86_64
Version: 0.3.1
Check: compiled code
Result: NOTE
File ‘dipsaus/libs/dipsaus.so’:
Found non-API call to R: ‘ENCLOS’
Compiled code should not call non-API entry points in R.
See ‘Writing portable packages’ in the ‘Writing R Extensions’ manual,
and section ‘Moving into C API compliance’ for issues with the use of
non-API entry points.
Flavors: r-patched-linux-x86_64, r-release-linux-x86_64
Version: 0.3.1
Check: compiled code
Result: NOTE
File ‘dipsaus/libs/dipsaus.so’:
Found non-API calls to R: ‘CLOENV’, ‘ENCLOS’
Compiled code should not call non-API entry points in R.
See ‘Writing portable packages’ in the ‘Writing R Extensions’ manual,
and section ‘Moving into C API compliance’ for issues with the use of
non-API entry points.
Flavors: r-release-macos-arm64, r-release-macos-x86_64