CRAN Package Check Results for Package diffeqr

Last updated on 2022-10-07 21:51:03 CEST.

Flavor Version Tinstall Tcheck Ttotal Status Flags
r-devel-linux-x86_64-debian-clang 1.1.1 2.35 34.64 36.99 OK
r-devel-linux-x86_64-debian-gcc 1.1.1 2.72 26.81 29.53 OK
r-devel-linux-x86_64-fedora-clang 1.1.1 60.68 NOTE
r-devel-linux-x86_64-fedora-gcc 1.1.1 54.83 OK
r-devel-windows-x86_64 1.1.1 13.00 75.00 88.00 NOTE
r-patched-linux-x86_64 1.1.1 4.23 33.94 38.17 OK
r-release-linux-x86_64 1.1.1 3.48 34.46 37.94 OK
r-release-macos-arm64 1.1.1 40.00 NOTE
r-release-macos-x86_64 1.1.1 42.00 NOTE
r-release-windows-x86_64 1.1.1 13.00 70.00 83.00 NOTE
r-oldrel-macos-arm64 1.1.1 23.00 NOTE
r-oldrel-macos-x86_64 1.1.1 30.00 NOTE
r-oldrel-windows-ix86+x86_64 1.1.1 8.00 65.00 73.00 NOTE

Check Details

Version: 1.1.1
Check: installed package size
Result: NOTE
     installed size is 10.9Mb
     sub-directories of 1Mb or more:
     doc 10.8Mb
Flavors: r-devel-linux-x86_64-fedora-clang, r-devel-windows-x86_64, r-release-macos-arm64, r-release-macos-x86_64, r-release-windows-x86_64, r-oldrel-macos-arm64, r-oldrel-macos-x86_64, r-oldrel-windows-ix86+x86_64