CRAN Package Check Results for Package difR

Last updated on 2025-05-06 20:50:38 CEST.

Flavor Version Tinstall Tcheck Ttotal Status Flags
r-devel-linux-x86_64-debian-clang 5.1 22.68 140.34 163.02 NOTE
r-devel-linux-x86_64-debian-gcc 5.1 15.10 92.98 108.08 NOTE
r-devel-linux-x86_64-fedora-clang 5.1 261.83 NOTE
r-devel-linux-x86_64-fedora-gcc 5.1 242.24 NOTE
r-devel-windows-x86_64 5.1 21.00 151.00 172.00 NOTE
r-patched-linux-x86_64 5.1 23.99 129.22 153.21 NOTE
r-release-linux-x86_64 5.1 17.57 129.08 146.65 NOTE
r-release-macos-arm64 5.1 61.00 NOTE
r-release-macos-x86_64 5.1 131.00 NOTE
r-release-windows-x86_64 5.1 22.00 152.00 174.00 NOTE
r-oldrel-macos-arm64 5.1 54.00 NOTE
r-oldrel-macos-x86_64 5.1 81.00 NOTE
r-oldrel-windows-x86_64 5.1 28.00 182.00 210.00 NOTE

Check Details

Version: 5.1
Check: CRAN incoming feasibility
Result: NOTE Maintainer: ‘David Magis <david.magis@gmail.com>’ No Authors@R field in DESCRIPTION. Please add one, modifying Authors@R: c(person(given = "David", family = "Magis", role = c("aut", "cre"), email = "david.magis@gmail.com", comment = "U Liege"), person(given = "Sebastien", family = "Beland", role = "aut", comment = "U Montreal"), person(given = "Gilles", family = "Raiche", role = "aut", comment = "UQAM")) as necessary. Package CITATION file contains call(s) to old-style personList() or as.personList(). Please use c() on person objects instead. Package CITATION file contains call(s) to old-style citEntry(). Please use bibentry() instead. Flavors: r-devel-linux-x86_64-debian-clang, r-devel-linux-x86_64-debian-gcc

Version: 5.1
Check: Rd files
Result: NOTE checkRd: (-1) difTID.Rd:185: Lost braces 185 | \code{\link[deltaPlotR]{deltaPlot}}, code{\link[deltaPlotR]{diagPlot}}, \code{\link{dichoDif}} | ^ Flavors: r-devel-linux-x86_64-debian-clang, r-devel-linux-x86_64-debian-gcc, r-devel-linux-x86_64-fedora-clang, r-devel-linux-x86_64-fedora-gcc, r-devel-windows-x86_64, r-patched-linux-x86_64, r-release-linux-x86_64, r-release-macos-arm64, r-release-macos-x86_64, r-release-windows-x86_64, r-oldrel-macos-arm64, r-oldrel-macos-x86_64, r-oldrel-windows-x86_64

Version: 5.1
Check: Rd cross-references
Result: NOTE Found the following Rd file(s) with Rd \link{} targets missing package anchors: itemPar1PL.rd: rasch Please provide package anchors for all Rd \link{} targets not in the package itself and the base packages. Flavors: r-devel-linux-x86_64-debian-clang, r-devel-linux-x86_64-debian-gcc, r-devel-windows-x86_64, r-patched-linux-x86_64, r-release-linux-x86_64, r-release-windows-x86_64