CRAN Package Check Results for Package didrooRFM

Last updated on 2025-07-16 20:53:22 CEST.

Flavor Version Tinstall Tcheck Ttotal Status Flags
r-devel-linux-x86_64-debian-clang 1.0.0 3.65 30.04 33.69 OK
r-devel-linux-x86_64-debian-gcc 1.0.0 2.67 22.77 25.44 OK
r-devel-linux-x86_64-fedora-clang 1.0.0 53.03 OK
r-devel-linux-x86_64-fedora-gcc 1.0.0 50.12 OK
r-devel-windows-x86_64 1.0.0 5.00 53.00 58.00 OK
r-patched-linux-x86_64 1.0.0 3.57 28.16 31.73 OK
r-release-linux-x86_64 1.0.0 3.70 28.23 31.93 OK
r-release-macos-arm64 1.0.0 21.00 OK
r-release-macos-x86_64 1.0.0 33.00 OK
r-release-windows-x86_64 1.0.0 4.00 50.00 54.00 OK
r-oldrel-macos-arm64 1.0.0 19.00 NOTE
r-oldrel-macos-x86_64 1.0.0 34.00 NOTE
r-oldrel-windows-x86_64 1.0.0 6.00 54.00 60.00 NOTE

Check Details

Version: 1.0.0
Check: LazyData
Result: NOTE 'LazyData' is specified without a 'data' directory Flavors: r-oldrel-macos-arm64, r-oldrel-macos-x86_64, r-oldrel-windows-x86_64