Last updated on 2023-10-02 21:09:20 CEST.
Flavor | Version | Tinstall | Tcheck | Ttotal | Status | Flags |
---|---|---|---|---|---|---|
r-devel-linux-x86_64-debian-clang | 1.2.0 | 8.35 | 96.23 | 104.58 | NOTE | |
r-devel-linux-x86_64-debian-gcc | 1.2.0 | 7.26 | 71.42 | 78.68 | NOTE | |
r-devel-linux-x86_64-fedora-clang | 1.2.0 | 127.94 | NOTE | |||
r-devel-linux-x86_64-fedora-gcc | 1.2.0 | 146.41 | NOTE | |||
r-devel-windows-x86_64 | 1.2.0 | 10.00 | 102.00 | 112.00 | NOTE | |
r-patched-linux-x86_64 | 1.2.0 | 8.33 | 91.84 | 100.17 | OK | |
r-release-linux-x86_64 | 1.2.0 | 10.01 | 90.73 | 100.74 | OK | |
r-release-macos-arm64 | 1.2.0 | 51.00 | OK | |||
r-release-macos-x86_64 | 1.2.0 | 91.00 | OK | |||
r-release-windows-x86_64 | 1.2.0 | 13.00 | 117.00 | 130.00 | OK | |
r-oldrel-macos-arm64 | 1.2.0 | 46.00 | OK | |||
r-oldrel-macos-x86_64 | 1.2.0 | 58.00 | OK | |||
r-oldrel-windows-x86_64 | 1.2.0 | 13.00 | 112.00 | 125.00 | OK |
Version: 1.2.0
Check: Rd \usage sections
Result: NOTE
Documented arguments not in \usage in documentation object 'encode_unit':
‘original’
Functions with \usage entries need to have the appropriate \alias
entries, and all their arguments documented.
The \usage entries must correspond to syntactically valid R code.
See chapter ‘Writing R documentation files’ in the ‘Writing R
Extensions’ manual.
Flavors: r-devel-linux-x86_64-debian-clang, r-devel-linux-x86_64-debian-gcc, r-devel-linux-x86_64-fedora-clang, r-devel-linux-x86_64-fedora-gcc, r-devel-windows-x86_64