CRAN Package Check Results for Package dglm

Last updated on 2022-12-08 20:49:12 CET.

Flavor Version Tinstall Tcheck Ttotal Status Flags
r-devel-linux-x86_64-debian-clang 1.8.4 2.66 28.07 30.73 NOTE
r-devel-linux-x86_64-debian-gcc 1.8.4 2.01 24.71 26.72 NOTE
r-devel-linux-x86_64-fedora-clang 1.8.4 50.47 NOTE
r-devel-linux-x86_64-fedora-gcc 1.8.4 49.75 NOTE
r-devel-windows-x86_64 1.8.4 13.00 64.00 77.00 NOTE
r-patched-linux-x86_64 1.8.4 2.61 26.99 29.60 OK
r-release-linux-x86_64 1.8.4 2.51 26.51 29.02 OK
r-release-macos-arm64 1.8.4 18.00 OK
r-release-macos-x86_64 1.8.4 22.00 OK
r-release-windows-x86_64 1.8.4 12.00 56.00 68.00 OK
r-oldrel-macos-arm64 1.8.4 16.00 OK
r-oldrel-macos-x86_64 1.8.4 30.00 OK
r-oldrel-windows-ix86+x86_64 1.8.4 6.00 50.00 56.00 OK

Check Details

Version: 1.8.4
Check: Rd files
Result: NOTE
    checkRd: (-1) anova.dglm.Rd:41: Escaped LaTeX specials: \&
Flavors: r-devel-linux-x86_64-debian-clang, r-devel-linux-x86_64-debian-gcc, r-devel-linux-x86_64-fedora-clang, r-devel-linux-x86_64-fedora-gcc, r-devel-windows-x86_64