Last updated on 2024-04-23 20:52:01 CEST.
Flavor | Version | Tinstall | Tcheck | Ttotal | Status | Flags |
---|---|---|---|---|---|---|
r-devel-linux-x86_64-debian-clang | 2.1.7 | 35.01 | 103.19 | 138.20 | NOTE | |
r-devel-linux-x86_64-debian-gcc | 2.1.7 | 24.05 | 73.06 | 97.11 | NOTE | |
r-devel-linux-x86_64-fedora-clang | 2.1.7 | 169.57 | NOTE | |||
r-devel-linux-x86_64-fedora-gcc | 2.1.7 | 158.56 | NOTE | |||
r-prerel-macos-arm64 | 2.1.7 | 55.00 | NOTE | |||
r-prerel-windows-x86_64 | 2.1.7 | 30.00 | 102.00 | 132.00 | NOTE | |
r-patched-linux-x86_64 | 2.1.7 | 28.29 | 92.72 | 121.01 | NOTE | |
r-release-linux-x86_64 | 2.1.7 | 27.84 | 98.71 | 126.55 | OK | |
r-release-macos-arm64 | 2.1.7 | 58.00 | OK | |||
r-release-macos-x86_64 | 2.1.7 | 125.00 | OK | |||
r-release-windows-x86_64 | 2.1.7 | 37.00 | 121.00 | 158.00 | OK | |
r-oldrel-macos-arm64 | 2.1.7 | 67.00 | OK | |||
r-oldrel-windows-x86_64 | 2.1.7 | 35.00 | 119.00 | 154.00 | OK |
Version: 2.1.7
Check: Rd files
Result: NOTE
checkRd: (-1) AIC.dglars.Rd:47: Lost braces
47 | \item{comp}{the measures of model complexity used to compute the measure of goodness-of-fit. It is equal to \code{npar} when code{complexity = "df"};}
| ^
checkRd: (-1) dglars.Rd:258: Lost braces
258 | \item{\code{7}}{maximum number of solution points ('code{np}') reached.}
| ^
Flavors: r-devel-linux-x86_64-debian-clang, r-devel-linux-x86_64-debian-gcc, r-devel-linux-x86_64-fedora-clang, r-devel-linux-x86_64-fedora-gcc, r-prerel-macos-arm64, r-prerel-windows-x86_64, r-patched-linux-x86_64