CRAN Package Check Results for Package devoid

Last updated on 2022-10-06 21:49:50 CEST.

Flavor Version Tinstall Tcheck Ttotal Status Flags
r-devel-linux-x86_64-debian-clang 0.1.1 2.52 19.77 22.29 NOTE
r-devel-linux-x86_64-debian-gcc 0.1.1 2.02 16.11 18.13 NOTE
r-devel-linux-x86_64-fedora-clang 0.1.1 38.81 WARN
r-devel-linux-x86_64-fedora-gcc 0.1.1 36.74 WARN
r-devel-windows-x86_64 0.1.1 12.00 45.00 57.00 NOTE
r-patched-linux-x86_64 0.1.1 2.15 19.28 21.43 NOTE
r-release-linux-x86_64 0.1.1 1.83 19.19 21.02 NOTE
r-release-macos-arm64 0.1.1 15.00 NOTE
r-release-macos-x86_64 0.1.1 19.00 NOTE
r-release-windows-x86_64 0.1.1 8.00 42.00 50.00 NOTE
r-oldrel-macos-arm64 0.1.1 18.00 NOTE
r-oldrel-macos-x86_64 0.1.1 28.00 NOTE
r-oldrel-windows-ix86+x86_64 0.1.1 7.00 30.00 37.00 NOTE

Check Details

Version: 0.1.1
Check: LazyData
Result: NOTE
     'LazyData' is specified without a 'data' directory
Flavors: r-devel-linux-x86_64-debian-clang, r-devel-linux-x86_64-debian-gcc, r-devel-linux-x86_64-fedora-clang, r-devel-linux-x86_64-fedora-gcc, r-devel-windows-x86_64, r-patched-linux-x86_64, r-release-linux-x86_64, r-release-macos-arm64, r-release-macos-x86_64, r-release-windows-x86_64, r-oldrel-macos-arm64, r-oldrel-macos-x86_64, r-oldrel-windows-ix86+x86_64

Version: 0.1.1
Check: whether package can be installed
Result: WARN
    Found the following significant warnings:
     void_dev.c:103:25: warning: a function declaration without a prototype is deprecated in all versions of C [-Wstrict-prototypes]
     void_dev.c:182:16: warning: a function declaration without a prototype is deprecated in all versions of C [-Wstrict-prototypes]
     void_dev.c:197:14: warning: a function declaration without a prototype is deprecated in all versions of C [-Wstrict-prototypes]
Flavor: r-devel-linux-x86_64-fedora-clang

Version: 0.1.1
Check: whether package can be installed
Result: WARN
    Found the following significant warnings:
     void_dev.c:103:10: warning: function declaration isn’t a prototype [-Wstrict-prototypes]
     void_dev.c:182:6: warning: function declaration isn’t a prototype [-Wstrict-prototypes]
     void_dev.c:197:6: warning: function declaration isn’t a prototype [-Wstrict-prototypes]
Flavor: r-devel-linux-x86_64-fedora-gcc