Last updated on 2025-11-22 19:50:27 CET.
| Flavor | Version | Tinstall | Tcheck | Ttotal | Status | Flags |
|---|---|---|---|---|---|---|
| r-devel-linux-x86_64-debian-clang | 1.0.6 | 22.61 | 25.34 | 47.95 | OK | |
| r-devel-linux-x86_64-debian-gcc | 1.0.7 | 14.44 | 20.53 | 34.97 | OK | |
| r-devel-linux-x86_64-fedora-clang | 1.0.7 | 28.00 | 53.76 | 81.76 | OK | |
| r-devel-linux-x86_64-fedora-gcc | 1.0.6 | 60.00 | 18.53 | 78.53 | OK | |
| r-devel-windows-x86_64 | 1.0.5 | 31.00 | 73.00 | 104.00 | OK | |
| r-patched-linux-x86_64 | 1.0.6 | 22.32 | 23.54 | 45.86 | OK | |
| r-release-linux-x86_64 | 1.0.5 | 23.51 | 23.59 | 47.10 | OK | |
| r-release-macos-arm64 | 1.0.7 | 1.00 | 4.00 | 5.00 | ERROR | |
| r-release-macos-x86_64 | 1.0.7 | 27.00 | 65.00 | 92.00 | OK | |
| r-release-windows-x86_64 | 1.0.6 | 28.00 | 64.00 | 92.00 | OK | |
| r-oldrel-macos-arm64 | 1.0.7 | 0.00 | 10.00 | 10.00 | ERROR | |
| r-oldrel-macos-x86_64 | 1.0.7 | 41.00 | 50.00 | 91.00 | OK | |
| r-oldrel-windows-x86_64 | 1.0.6 | 28.00 | 74.00 | 102.00 | OK |
Version: 1.0.7
Check: whether package can be installed
Result: ERROR
Installation failed.
Flavors: r-release-macos-arm64, r-oldrel-macos-arm64