Last updated on 2024-04-23 20:52:01 CEST.
Flavor | Version | Tinstall | Tcheck | Ttotal | Status | Flags |
---|---|---|---|---|---|---|
r-devel-linux-x86_64-debian-clang | 0.9.6 | 33.29 | 108.99 | 142.28 | NOTE | |
r-devel-linux-x86_64-debian-gcc | 0.9.6 | 27.09 | 79.71 | 106.80 | NOTE | |
r-devel-linux-x86_64-fedora-clang | 0.9.6 | 181.27 | NOTE | |||
r-devel-linux-x86_64-fedora-gcc | 0.9.6 | 191.06 | NOTE | |||
r-prerel-macos-arm64 | 0.9.6 | 53.00 | NOTE | |||
r-prerel-windows-x86_64 | 0.9.6 | 36.00 | 122.00 | 158.00 | NOTE | |
r-patched-linux-x86_64 | 0.9.6 | 37.15 | 102.15 | 139.30 | NOTE | |
r-release-linux-x86_64 | 0.9.6 | 31.66 | 102.81 | 134.47 | NOTE | |
r-release-macos-arm64 | 0.9.6 | 57.00 | NOTE | |||
r-release-macos-x86_64 | 0.9.6 | 100.00 | NOTE | |||
r-release-windows-x86_64 | 0.9.6 | 41.00 | 139.00 | 180.00 | NOTE | |
r-oldrel-macos-arm64 | 0.9.6 | 50.00 | NOTE | |||
r-oldrel-windows-x86_64 | 0.9.6 | 39.00 | 134.00 | 173.00 | NOTE |
Version: 0.9.6
Check: LazyData
Result: NOTE
'LazyData' is specified without a 'data' directory
Flavors: r-devel-linux-x86_64-debian-clang, r-devel-linux-x86_64-debian-gcc, r-devel-linux-x86_64-fedora-clang, r-devel-linux-x86_64-fedora-gcc, r-prerel-macos-arm64, r-prerel-windows-x86_64, r-patched-linux-x86_64, r-release-linux-x86_64, r-release-macos-arm64, r-release-macos-x86_64, r-release-windows-x86_64, r-oldrel-macos-arm64, r-oldrel-windows-x86_64
Version: 0.9.6
Check: installed package size
Result: NOTE
installed size is 5.2Mb
sub-directories of 1Mb or more:
extdata 2.1Mb
libs 2.3Mb
Flavors: r-prerel-macos-arm64, r-release-macos-arm64, r-release-macos-x86_64, r-oldrel-macos-arm64