Last updated on 2023-01-27 20:49:08 CET.
Flavor | Version | Tinstall | Tcheck | Ttotal | Status | Flags |
---|---|---|---|---|---|---|
r-devel-linux-x86_64-debian-clang | 0.1.12 | 14.95 | 126.71 | 141.66 | OK | |
r-devel-linux-x86_64-debian-gcc | 0.1.12 | 9.51 | 93.93 | 103.44 | OK | |
r-devel-linux-x86_64-fedora-clang | 0.1.12 | 167.87 | NOTE | |||
r-devel-linux-x86_64-fedora-gcc | 0.1.12 | 181.28 | NOTE | |||
r-devel-windows-x86_64 | 0.1.12 | 38.00 | 153.00 | 191.00 | OK | |
r-patched-linux-x86_64 | 0.1.12 | 13.82 | 118.18 | 132.00 | OK | |
r-release-linux-x86_64 | 0.1.12 | 9.39 | 115.67 | 125.06 | OK | |
r-release-macos-arm64 | 0.1.12 | 54.00 | NOTE | |||
r-release-macos-x86_64 | 0.1.12 | 86.00 | NOTE | |||
r-release-windows-x86_64 | 0.1.12 | 40.00 | 156.00 | 196.00 | OK | |
r-oldrel-macos-arm64 | 0.1.12 | 67.00 | NOTE | |||
r-oldrel-macos-x86_64 | 0.1.12 | 100.00 | NOTE | |||
r-oldrel-windows-ix86+x86_64 | 0.1.12 | 29.00 | 141.00 | 170.00 | OK |
Version: 0.1.12
Check: data for non-ASCII characters
Result: NOTE
Note: found 47 marked UTF-8 strings
Flavors: r-devel-linux-x86_64-fedora-clang, r-devel-linux-x86_64-fedora-gcc, r-release-macos-arm64, r-release-macos-x86_64, r-oldrel-macos-arm64, r-oldrel-macos-x86_64