Last updated on 2023-09-22 20:51:51 CEST.
Flavor | Version | Tinstall | Tcheck | Ttotal | Status | Flags |
---|---|---|---|---|---|---|
r-devel-linux-x86_64-debian-clang | 0.5.4 | 7.70 | 56.82 | 64.52 | NOTE | |
r-devel-linux-x86_64-debian-gcc | 0.5.4 | 6.10 | 41.70 | 47.80 | NOTE | |
r-devel-linux-x86_64-fedora-clang | 0.5.4 | 78.12 | NOTE | |||
r-devel-linux-x86_64-fedora-gcc | 0.5.4 | 78.17 | NOTE | |||
r-devel-windows-x86_64 | 0.5.4 | 13.00 | 62.00 | 75.00 | NOTE | |
r-patched-linux-x86_64 | 0.5.4 | 9.10 | 54.97 | 64.07 | NOTE | |
r-release-linux-x86_64 | 0.5.4 | 8.15 | 55.05 | 63.20 | NOTE | |
r-release-macos-arm64 | 0.5.4 | 29.00 | NOTE | |||
r-release-macos-x86_64 | 0.5.4 | 55.00 | NOTE | |||
r-release-windows-x86_64 | 0.5.4 | 7.00 | 68.00 | 75.00 | NOTE | |
r-oldrel-macos-arm64 | 0.5.4 | 27.00 | NOTE | |||
r-oldrel-macos-x86_64 | 0.5.4 | 41.00 | NOTE | |||
r-oldrel-windows-x86_64 | 0.5.4 | 11.00 | 71.00 | 82.00 | NOTE |
Version: 0.5.4
Check: package dependencies
Result: NOTE
Package which this enhances but not available for checking: ‘gurobi’
Flavors: r-devel-linux-x86_64-debian-clang, r-devel-linux-x86_64-debian-gcc, r-patched-linux-x86_64, r-release-linux-x86_64
Version: 0.5.4
Check: package dependencies
Result: NOTE
Packages which this enhances but not available for checking:
'gurobi', 'Rcplex'
Flavors: r-devel-linux-x86_64-fedora-clang, r-devel-linux-x86_64-fedora-gcc, r-devel-windows-x86_64, r-release-macos-arm64, r-release-macos-x86_64, r-release-windows-x86_64, r-oldrel-macos-arm64, r-oldrel-macos-x86_64, r-oldrel-windows-x86_64