Last updated on 2025-05-07 20:49:42 CEST.
Flavor | Version | Tinstall | Tcheck | Ttotal | Status | Flags |
---|---|---|---|---|---|---|
r-devel-linux-x86_64-debian-clang | 0.0.1 | 19.32 | 65.85 | 85.17 | NOTE | |
r-devel-linux-x86_64-debian-gcc | 0.0.1 | 12.85 | 50.56 | 63.41 | NOTE | |
r-devel-linux-x86_64-fedora-clang | 0.0.1 | 135.37 | OK | |||
r-devel-linux-x86_64-fedora-gcc | 0.0.1 | 134.74 | OK | |||
r-devel-windows-x86_64 | 0.0.1 | 22.00 | 93.00 | 115.00 | OK | |
r-patched-linux-x86_64 | 0.0.1 | 15.51 | 64.27 | 79.78 | OK | |
r-release-linux-x86_64 | 0.0.1 | 18.17 | 63.16 | 81.33 | OK | |
r-release-macos-arm64 | 0.0.1 | 42.00 | OK | |||
r-release-macos-x86_64 | 0.0.1 | 81.00 | OK | |||
r-release-windows-x86_64 | 0.0.1 | 23.00 | 94.00 | 117.00 | OK | |
r-oldrel-macos-arm64 | 0.0.1 | 39.00 | NOTE | |||
r-oldrel-macos-x86_64 | 0.0.1 | 61.00 | NOTE | |||
r-oldrel-windows-x86_64 | 0.0.1 | 28.00 | 115.00 | 143.00 | NOTE |
Version: 0.0.1
Check: CRAN incoming feasibility
Result: NOTE
Maintainer: ‘Eckhard Liebscher <eckhard.liebscher@hs-merseburg.de>’
No Authors@R field in DESCRIPTION.
Please add one, modifying
Authors@R: person(given = "Eckhard",
family = "Liebscher",
role = c("aut", "cre"),
email = "eckhard.liebscher@hs-merseburg.de")
as necessary.
Flavors: r-devel-linux-x86_64-debian-clang, r-devel-linux-x86_64-debian-gcc
Version: 0.0.1
Check: LazyData
Result: NOTE
'LazyData' is specified without a 'data' directory
Flavors: r-oldrel-macos-arm64, r-oldrel-macos-x86_64, r-oldrel-windows-x86_64