Last updated on 2024-07-17 20:56:58 CEST.
Flavor | Version | Tinstall | Tcheck | Ttotal | Status | Flags |
---|---|---|---|---|---|---|
r-devel-linux-x86_64-debian-clang | 0.3.3 | 13.84 | 57.78 | 71.62 | NOTE | |
r-devel-linux-x86_64-debian-gcc | 0.3.3 | 10.81 | 43.83 | 54.64 | NOTE | |
r-devel-linux-x86_64-fedora-clang | 0.3.3 | 100.18 | NOTE | |||
r-devel-linux-x86_64-fedora-gcc | 0.3.3 | 90.96 | NOTE | |||
r-devel-windows-x86_64 | 0.3.3 | 20.00 | 68.00 | 88.00 | NOTE | |
r-patched-linux-x86_64 | 0.3.3 | 12.37 | 54.68 | 67.05 | OK | |
r-release-linux-x86_64 | 0.3.3 | 9.40 | 56.09 | 65.49 | OK | |
r-release-macos-arm64 | 0.3.3 | 32.00 | OK | |||
r-release-macos-x86_64 | 0.3.3 | 41.00 | OK | |||
r-release-windows-x86_64 | 0.3.3 | 20.00 | 68.00 | 88.00 | OK | |
r-oldrel-macos-arm64 | 0.3.3 | 36.00 | OK | |||
r-oldrel-macos-x86_64 | 0.3.3 | 54.00 | OK | |||
r-oldrel-windows-x86_64 | 0.3.3 | 20.00 | 74.00 | 94.00 | OK |
Version: 0.3.3
Check: compiled code
Result: NOTE
File ‘densityClust/libs/densityClust.so’:
Found non-API calls to R: ‘SETLENGTH’, ‘SET_GROWABLE_BIT’,
‘SET_TRUELENGTH’
Compiled code should not call non-API entry points in R.
See ‘Writing portable packages’ in the ‘Writing R Extensions’ manual,
and section ‘Moving into C API compliance’ for issues with the use of
non-API entry points.
Flavors: r-devel-linux-x86_64-debian-clang, r-devel-linux-x86_64-debian-gcc, r-devel-linux-x86_64-fedora-clang, r-devel-linux-x86_64-fedora-gcc
Version: 0.3.3
Check: compiled code
Result: NOTE
File 'densityClust/libs/x64/densityClust.dll':
Found non-API calls to R: 'SETLENGTH', 'SET_GROWABLE_BIT',
'SET_TRUELENGTH'
Compiled code should not call non-API entry points in R.
See 'Writing portable packages' in the 'Writing R Extensions' manual,
and section 'Moving into C API compliance' for issues with the use of
non-API entry points.
Flavor: r-devel-windows-x86_64