Last updated on 2025-11-23 20:48:44 CET.
| Flavor | Version | Tinstall | Tcheck | Ttotal | Status | Flags |
|---|---|---|---|---|---|---|
| r-devel-linux-x86_64-debian-clang | 0.1.0 | 5.15 | 59.16 | 64.31 | OK | |
| r-devel-linux-x86_64-debian-gcc | 0.1.0 | 3.73 | 44.26 | 47.99 | OK | |
| r-devel-linux-x86_64-fedora-clang | 0.1.0 | 11.00 | 88.22 | 99.22 | NOTE | |
| r-devel-linux-x86_64-fedora-gcc | 0.1.0 | 11.00 | 97.87 | 108.87 | NOTE | |
| r-devel-windows-x86_64 | 0.1.0 | 9.00 | 71.00 | 80.00 | OK | |
| r-patched-linux-x86_64 | 0.1.0 | 5.42 | 55.91 | 61.33 | OK | |
| r-release-linux-x86_64 | 0.1.0 | 4.54 | 55.88 | 60.42 | OK | |
| r-release-macos-arm64 | 0.1.0 | OK | ||||
| r-release-macos-x86_64 | 0.1.0 | 4.00 | 54.00 | 58.00 | OK | |
| r-release-windows-x86_64 | 0.1.0 | 7.00 | 72.00 | 79.00 | OK | |
| r-oldrel-macos-arm64 | 0.1.0 | OK | ||||
| r-oldrel-macos-x86_64 | 0.1.0 | 3.00 | 43.00 | 46.00 | OK | |
| r-oldrel-windows-x86_64 | 0.1.0 | 10.00 | 87.00 | 97.00 | OK |
Version: 0.1.0
Check: dependencies in R code
Result: NOTE
Namespace in Imports field not imported from: ‘knitr’
All declared Imports should be used.
Flavors: r-devel-linux-x86_64-fedora-clang, r-devel-linux-x86_64-fedora-gcc