CRAN Package Check Results for Package delaunay

Last updated on 2022-12-04 20:53:22 CET.

Flavor Version Tinstall Tcheck Ttotal Status Flags
r-devel-linux-x86_64-debian-clang 1.1.1 138.33 50.95 189.28 OK
r-devel-linux-x86_64-debian-gcc 1.1.1 110.49 40.12 150.61 OK
r-devel-linux-x86_64-fedora-clang 1.1.1 277.03 OK
r-devel-linux-x86_64-fedora-gcc 1.1.1 269.60 OK
r-devel-windows-x86_64 1.1.1 465.00 101.00 566.00 OK
r-patched-linux-x86_64 1.1.1 119.20 50.43 169.63 OK
r-release-linux-x86_64 1.1.1 128.72 49.17 177.89 OK
r-release-macos-arm64 1.1.1 70.00 NOTE
r-release-macos-x86_64 1.1.1 84.00 NOTE
r-release-windows-x86_64 1.1.1 230.00 102.00 332.00 OK
r-oldrel-macos-arm64 1.1.1 67.00 NOTE
r-oldrel-macos-x86_64 1.1.1 89.00 NOTE
r-oldrel-windows-ix86+x86_64 1.1.1 341.00 127.00 468.00 WARN

Check Details

Version: 1.1.1
Check: installed package size
Result: NOTE
     installed size is 12.4Mb
     sub-directories of 1Mb or more:
     libs 12.3Mb
Flavors: r-release-macos-arm64, r-release-macos-x86_64, r-oldrel-macos-arm64, r-oldrel-macos-x86_64

Version: 1.1.1
Check: whether package can be installed
Result: WARN
    Found the following significant warnings:
     d:/RCompile/CRANpkg/lib/4.1/BH/include/boost/container/detail/copy_move_algo.hpp:184:19: warning: 'void* memmove(void*, const void*, size_t)' writing to an object of type 'value_type' {aka 'struct std::pair<CGAL::internal::CC_iterator<CGAL::Compact_container<CGAL::Constrained_triangulation_face_base_2<CGAL::Epick, CGAL::Triangulation_face_base_with_info_2<FaceInfo2, CGAL::Epick, CGAL::Triangulation_face_base_2<CGAL::Epick, CGAL::Triangulation_ds_face_base_2<CGAL::Triangulation_data_structure_2<CGAL::Triangulation_vertex_base_with_info_2<int, CGAL::Epick>, CGAL::Constrained_triangulation_face_base_2<CGAL::Epick, CGAL::Triangulation_face_base_with_info_2<FaceInfo2, CGAL::Epick> > > > > > >, CGAL::Default, CGAL::Default, CGAL::Default>, false>, int>'} with no trivial copy-assignment; use copy-assignment or copy-initialization instead [-Wclass-memaccess]
     d:/RCompile/CRANpkg/lib/4.1/BH/include/boost/container/detail/copy_move_algo.hpp:184:19: warning: 'void* memmove(void*, const void*, size_t)' writing to an object of type 'value_type' {aka 'struct std::pair<CGAL::internal::CC_iterator<CGAL::Compact_container<CGAL::Triangulation_ds_cell_base_3<CGAL::Triangulation_data_structure_3<CGAL::Triangulation_vertex_base_with_info_3<int, CGAL::Epick> > >, CGAL::Default, CGAL::Default, CGAL::Default>, false>, int>'} with no trivial copy-assignment; use copy-assignment or copy-initialization instead [-Wclass-memaccess]
Flavor: r-oldrel-windows-ix86+x86_64