Last updated on 2025-02-20 19:51:28 CET.
Flavor | Version | Tinstall | Tcheck | Ttotal | Status | Flags |
---|---|---|---|---|---|---|
r-devel-linux-x86_64-debian-clang | 3.1.1 | 50.68 | 328.96 | 379.64 | NOTE | |
r-devel-linux-x86_64-debian-gcc | 3.1.1 | 33.96 | 206.16 | 240.12 | NOTE | |
r-devel-linux-x86_64-fedora-clang | 3.1.1 | 641.59 | NOTE | |||
r-devel-linux-x86_64-fedora-gcc | 3.1.1 | 605.55 | NOTE | |||
r-devel-macos-arm64 | 3.1.1 | 125.00 | NOTE | |||
r-devel-macos-x86_64 | 3.1.1 | 298.00 | NOTE | |||
r-devel-windows-x86_64 | 3.1.1 | 52.00 | 353.00 | 405.00 | NOTE | |
r-patched-linux-x86_64 | 3.1.1 | 48.64 | 309.76 | 358.40 | NOTE | |
r-release-linux-x86_64 | 3.1.1 | 46.80 | 301.81 | 348.61 | NOTE | |
r-release-macos-arm64 | 3.1.1 | 134.00 | NOTE | |||
r-release-macos-x86_64 | 3.1.1 | 263.00 | NOTE | |||
r-release-windows-x86_64 | 3.1.1 | 55.00 | 341.00 | 396.00 | NOTE | |
r-oldrel-macos-arm64 | 3.1.1 | 150.00 | NOTE | |||
r-oldrel-macos-x86_64 | 3.1.1 | 256.00 | NOTE | |||
r-oldrel-windows-x86_64 | 3.1.1 | 66.00 | 400.00 | 466.00 | NOTE |
Version: 3.1.1
Check: C++ specification
Result: NOTE
Specified C++11: please drop specification unless essential
Flavors: r-devel-linux-x86_64-debian-clang, r-devel-linux-x86_64-debian-gcc, r-devel-linux-x86_64-fedora-clang, r-devel-linux-x86_64-fedora-gcc, r-devel-macos-arm64, r-devel-macos-x86_64, r-devel-windows-x86_64, r-patched-linux-x86_64, r-release-linux-x86_64, r-release-macos-arm64, r-release-macos-x86_64, r-release-windows-x86_64, r-oldrel-macos-arm64, r-oldrel-macos-x86_64, r-oldrel-windows-x86_64