CRAN Package Check Results for Package deepdive

Last updated on 2024-07-22 20:55:40 CEST.

Flavor Version Tinstall Tcheck Ttotal Status Flags
r-devel-linux-x86_64-debian-clang 1.0.4 5.46 43.29 48.75 NOTE
r-devel-linux-x86_64-debian-gcc 1.0.4 3.58 31.66 35.24 NOTE
r-devel-linux-x86_64-fedora-clang 1.0.4 61.10 NOTE
r-devel-linux-x86_64-fedora-gcc 1.0.4 57.12 NOTE
r-devel-windows-x86_64 1.0.4 7.00 52.00 59.00 NOTE
r-patched-linux-x86_64 1.0.4 5.95 41.98 47.93 NOTE
r-release-linux-x86_64 1.0.4 5.37 41.49 46.86 NOTE
r-release-macos-arm64 1.0.4 21.00 NOTE
r-release-macos-x86_64 1.0.4 30.00 NOTE
r-release-windows-x86_64 1.0.4 6.00 52.00 58.00 NOTE
r-oldrel-macos-arm64 1.0.4 22.00 NOTE
r-oldrel-macos-x86_64 1.0.4 30.00 NOTE
r-oldrel-windows-x86_64 1.0.4 7.00 55.00 62.00 NOTE

Check Details

Version: 1.0.4
Check: package subdirectories
Result: NOTE Problems with news in ‘NEWS.md’: No news entries found. Flavors: r-devel-linux-x86_64-debian-clang, r-devel-linux-x86_64-debian-gcc, r-devel-linux-x86_64-fedora-clang, r-devel-linux-x86_64-fedora-gcc, r-devel-windows-x86_64, r-patched-linux-x86_64, r-release-linux-x86_64, r-release-macos-arm64, r-release-macos-x86_64, r-release-windows-x86_64, r-oldrel-macos-arm64, r-oldrel-macos-x86_64, r-oldrel-windows-x86_64

Version: 1.0.4
Check: Rd cross-references
Result: NOTE Found the following Rd file(s) with Rd \link{} targets missing package anchors: deepforest.Rd: rpart.control deeptree.Rd: rpart.control Please provide package anchors for all Rd \link{} targets not in the package itself and the base packages. Flavors: r-devel-linux-x86_64-debian-gcc, r-devel-windows-x86_64