Last updated on 2024-04-18 21:56:48 CEST.
Flavor | Version | Tinstall | Tcheck | Ttotal | Status | Flags |
---|---|---|---|---|---|---|
r-devel-linux-x86_64-debian-clang | 0.1.0 | 2.90 | 26.92 | 29.82 | NOTE | |
r-devel-linux-x86_64-debian-gcc | 0.1.0 | 2.21 | 21.00 | 23.21 | NOTE | |
r-devel-linux-x86_64-fedora-clang | 0.1.0 | 37.13 | NOTE | |||
r-devel-linux-x86_64-fedora-gcc | 0.1.0 | 35.49 | NOTE | |||
r-prerel-macos-arm64 | 0.1.0 | 16.00 | NOTE | |||
r-prerel-windows-x86_64 | 0.1.0 | 4.00 | 47.00 | 51.00 | NOTE | |
r-patched-linux-x86_64 | 0.1.0 | 3.04 | 26.02 | 29.06 | NOTE | |
r-release-linux-x86_64 | 0.1.0 | 2.70 | 25.82 | 28.52 | NOTE | |
r-release-macos-arm64 | 0.1.0 | 17.00 | NOTE | |||
r-release-macos-x86_64 | 0.1.0 | 25.00 | NOTE | |||
r-release-windows-x86_64 | 0.1.0 | 4.00 | 47.00 | 51.00 | NOTE | |
r-oldrel-macos-arm64 | 0.1.0 | 18.00 | NOTE | |||
r-oldrel-windows-x86_64 | 0.1.0 | 9.00 | 54.00 | 63.00 | NOTE |
Version: 0.1.0
Check: LazyData
Result: NOTE
'LazyData' is specified without a 'data' directory
Flavors: r-devel-linux-x86_64-debian-clang, r-devel-linux-x86_64-debian-gcc, r-devel-linux-x86_64-fedora-clang, r-devel-linux-x86_64-fedora-gcc, r-prerel-macos-arm64, r-prerel-windows-x86_64, r-patched-linux-x86_64, r-release-linux-x86_64, r-release-macos-arm64, r-release-macos-x86_64, r-release-windows-x86_64, r-oldrel-macos-arm64, r-oldrel-windows-x86_64