Last updated on 2024-03-27 19:56:49 CET.
Flavor | Version | Tinstall | Tcheck | Ttotal | Status | Flags |
---|---|---|---|---|---|---|
r-devel-linux-x86_64-debian-clang | 1.8.0 | 2.32 | 51.81 | 54.13 | NOTE | |
r-devel-linux-x86_64-debian-gcc | 1.8.0 | 2.76 | 38.64 | 41.40 | NOTE | |
r-devel-linux-x86_64-fedora-clang | 1.8.0 | 71.91 | NOTE | |||
r-devel-linux-x86_64-fedora-gcc | 1.8.0 | 70.27 | NOTE | |||
r-devel-windows-x86_64 | 1.8.0 | 4.00 | 62.00 | 66.00 | NOTE | |
r-patched-linux-x86_64 | 1.8.0 | 2.66 | 53.13 | 55.79 | OK | |
r-release-linux-x86_64 | 1.8.0 | 2.09 | 52.89 | 54.98 | OK | |
r-release-macos-arm64 | 1.8.0 | 6.00 | ERROR | |||
r-release-macos-x86_64 | 1.8.0 | 6.00 | ERROR | |||
r-release-windows-x86_64 | 1.8.0 | 5.00 | 65.00 | 70.00 | OK | |
r-oldrel-macos-arm64 | 1.8.0 | 11.00 | ERROR | |||
r-oldrel-windows-x86_64 | 1.8.0 | 5.00 | 70.00 | 75.00 | OK |
Version: 1.8.0
Check: Rd \usage sections
Result: NOTE
Documented arguments not in \usage in Rd file 'getTriContextFraction.Rd':
‘trimer.counts.ref’
Documented arguments not in \usage in Rd file 'norm.it.Rd':
‘trimer.counts’
Functions with \usage entries need to have the appropriate \alias
entries, and all their arguments documented.
The \usage entries must correspond to syntactically valid R code.
See chapter ‘Writing R documentation files’ in the ‘Writing R
Extensions’ manual.
Flavors: r-devel-linux-x86_64-debian-clang, r-devel-linux-x86_64-debian-gcc, r-devel-linux-x86_64-fedora-clang, r-devel-linux-x86_64-fedora-gcc, r-devel-windows-x86_64
Version: 1.8.0
Check: package dependencies
Result: ERROR
Package required but not available: ‘BSgenome.Hsapiens.UCSC.hg19’
Package suggested but not available for checking: ‘VariantAnnotation’
See section ‘The DESCRIPTION file’ in the ‘Writing R Extensions’
manual.
Flavor: r-release-macos-arm64
Version: 1.8.0
Check: package dependencies
Result: ERROR
Package required but not available: ‘BSgenome.Hsapiens.UCSC.hg19’
See section ‘The DESCRIPTION file’ in the ‘Writing R Extensions’
manual.
Flavors: r-release-macos-x86_64, r-oldrel-macos-arm64