CRAN Package Check Results for Package deadband

Last updated on 2025-11-11 20:50:32 CET.

Flavor Version Tinstall Tcheck Ttotal Status Flags
r-devel-linux-x86_64-debian-clang 0.1.0 1.96 20.09 22.05 NOTE
r-devel-linux-x86_64-debian-gcc 0.1.0 1.59 16.77 18.36 NOTE
r-devel-linux-x86_64-fedora-clang 0.1.0 32.24 OK
r-devel-linux-x86_64-fedora-gcc 0.1.0 30.68 OK
r-devel-windows-x86_64 0.1.0 4.00 39.00 43.00 OK
r-patched-linux-x86_64 0.1.0 2.01 19.23 21.24 OK
r-release-linux-x86_64 0.1.0 1.89 19.10 20.99 OK
r-release-macos-arm64 0.1.0 2.00 17.00 19.00 OK
r-release-macos-x86_64 0.1.0 2.00 22.00 24.00 OK
r-release-windows-x86_64 0.1.0 4.00 134.00 138.00 OK
r-oldrel-macos-arm64 0.1.0 1.00 13.00 14.00 OK
r-oldrel-macos-x86_64 0.1.0 2.00 19.00 21.00 OK
r-oldrel-windows-x86_64 0.1.0 4.00 42.00 46.00 OK

Check Details

Version: 0.1.0
Check: CRAN incoming feasibility
Result: NOTE Maintainer: ‘Nunzio Torrisi <nunzio.torrisi@ieee.org>’ No Authors@R field in DESCRIPTION. Please add one, modifying Authors@R: person(given = "Nunzio", family = "Torrisi", role = c("aut", "cre"), email = "nunzio.torrisi@ieee.org") as necessary. Flavors: r-devel-linux-x86_64-debian-clang, r-devel-linux-x86_64-debian-gcc