Last updated on 2024-05-03 20:53:04 CEST.
Flavor | Version | Tinstall | Tcheck | Ttotal | Status | Flags |
---|---|---|---|---|---|---|
r-devel-linux-x86_64-debian-clang | 1.0 | 4.03 | 59.39 | 63.42 | OK | |
r-devel-linux-x86_64-fedora-clang | 1.0 | 83.07 | NOTE | |||
r-devel-linux-x86_64-fedora-gcc | 1.0 | 82.04 | NOTE | |||
r-devel-windows-x86_64 | 1.0 | 6.00 | 76.00 | 82.00 | OK | |
r-patched-linux-x86_64 | 1.0 | 4.75 | 60.39 | 65.14 | OK | |
r-release-linux-x86_64 | 1.0 | 4.87 | 59.73 | 64.60 | OK | |
r-release-macos-arm64 | 1.0 | 32.00 | OK | |||
r-release-windows-x86_64 | 1.0 | 5.00 | 75.00 | 80.00 | OK | |
r-oldrel-macos-arm64 | 1.0 | 34.00 | OK | |||
r-oldrel-macos-x86_64 | 1.0 | 53.00 | OK | |||
r-oldrel-windows-x86_64 | 1.0 | 6.00 | 83.00 | 89.00 | OK |
Version: 1.0
Check: dependencies in R code
Result: NOTE
Namespace in Imports field not imported from: ‘RColorBrewer’
All declared Imports should be used.
Flavors: r-devel-linux-x86_64-fedora-clang, r-devel-linux-x86_64-fedora-gcc