CRAN Package Check Results for Package dbx

Last updated on 2022-09-28 21:51:35 CEST.

Flavor Version Tinstall Tcheck Ttotal Status Flags
r-devel-linux-x86_64-debian-clang 0.2.8 3.10 31.94 35.04 NOTE
r-devel-linux-x86_64-debian-gcc 0.2.8 2.14 24.64 26.78 NOTE
r-devel-linux-x86_64-fedora-clang 0.2.8 54.44 NOTE
r-devel-linux-x86_64-fedora-gcc 0.2.8 53.13 NOTE
r-devel-windows-x86_64 0.2.8 16.00 57.00 73.00 NOTE
r-patched-linux-x86_64 0.2.8 2.77 30.78 33.55 NOTE
r-release-linux-x86_64 0.2.8 2.59 30.61 33.20 NOTE
r-release-macos-arm64 0.2.8 20.00 NOTE
r-release-macos-x86_64 0.2.8 29.00 NOTE
r-release-windows-x86_64 0.2.8 19.00 58.00 77.00 NOTE
r-oldrel-macos-arm64 0.2.8 23.00 NOTE
r-oldrel-macos-x86_64 0.2.8 33.00 NOTE
r-oldrel-windows-ix86+x86_64 0.2.8 6.00 58.00 64.00 NOTE

Check Details

Version: 0.2.8
Check: LazyData
Result: NOTE
     'LazyData' is specified without a 'data' directory
Flavors: r-devel-linux-x86_64-debian-clang, r-devel-linux-x86_64-debian-gcc, r-devel-linux-x86_64-fedora-clang, r-devel-linux-x86_64-fedora-gcc, r-devel-windows-x86_64, r-patched-linux-x86_64, r-release-linux-x86_64, r-release-macos-arm64, r-release-macos-x86_64, r-release-windows-x86_64, r-oldrel-macos-arm64, r-oldrel-macos-x86_64, r-oldrel-windows-ix86+x86_64